Last updated on 2022-05-29 13:51:28 CEST.
Flavor | Version | Tinstall | Tcheck | Ttotal | Status | Flags |
---|---|---|---|---|---|---|
r-devel-linux-x86_64-debian-clang | 0.9.1 | 21.04 | 66.10 | 87.14 | NOTE | |
r-devel-linux-x86_64-debian-gcc | 0.9.1 | 19.22 | 50.96 | 70.18 | NOTE | |
r-devel-linux-x86_64-fedora-clang | 0.9.1 | 114.85 | NOTE | |||
r-devel-linux-x86_64-fedora-gcc | 0.9.1 | 96.83 | NOTE | |||
r-devel-windows-x86_64 | 0.9.1 | 76.00 | 108.00 | 184.00 | NOTE | |
r-patched-linux-x86_64 | 0.9.1 | 20.54 | 63.02 | 83.56 | NOTE | |
r-release-linux-x86_64 | 0.9.1 | 18.10 | 61.89 | 79.99 | NOTE | |
r-release-macos-arm64 | 0.9.1 | 34.00 | NOTE | |||
r-release-macos-x86_64 | 0.9.1 | 57.00 | NOTE | |||
r-release-windows-x86_64 | 0.9.1 | 105.00 | 112.00 | 217.00 | NOTE | |
r-oldrel-macos-arm64 | 0.9.1 | 36.00 | NOTE | |||
r-oldrel-macos-x86_64 | 0.9.1 | 66.00 | NOTE | |||
r-oldrel-windows-ix86+x86_64 | 0.9.1 | 59.00 | 108.00 | 167.00 | NOTE |
Version: 0.9.1
Check: LazyData
Result: NOTE
'LazyData' is specified without a 'data' directory
Flavors: r-devel-linux-x86_64-debian-clang, r-devel-linux-x86_64-debian-gcc, r-devel-linux-x86_64-fedora-clang, r-devel-linux-x86_64-fedora-gcc, r-devel-windows-x86_64, r-patched-linux-x86_64, r-release-linux-x86_64, r-release-macos-arm64, r-release-macos-x86_64, r-release-windows-x86_64, r-oldrel-macos-arm64, r-oldrel-macos-x86_64, r-oldrel-windows-ix86+x86_64