CRAN Package Check Results for Package sybil

Last updated on 2021-11-27 14:51:36 CET.

Flavor Version Tinstall Tcheck Ttotal Status Flags
r-devel-linux-x86_64-debian-clang 2.2.0 NOTE
r-devel-linux-x86_64-debian-gcc 2.2.0 23.87 188.10 211.97 NOTE
r-devel-linux-x86_64-fedora-clang 2.2.0 366.57 NOTE
r-devel-linux-x86_64-fedora-gcc 2.2.0 346.23 NOTE
r-devel-windows-x86_64-new-UL 2.2.0 84.00 408.00 492.00 NOTE
r-devel-windows-x86_64-new-TK 2.2.0 NOTE
r-devel-windows-x86_64-old 2.2.0 29.00 376.00 405.00 NOTE
r-patched-linux-x86_64 2.2.0 36.53 171.75 208.28 NOTE
r-patched-solaris-x86 2.2.0 315.90 NOTE
r-release-linux-x86_64 2.2.0 NOTE
r-release-macos-arm64 2.2.0 NOTE
r-release-macos-x86_64 2.2.0 NOTE
r-release-windows-ix86+x86_64 2.2.0 49.00 167.00 216.00 NOTE
r-oldrel-macos-x86_64 2.2.0 NOTE
r-oldrel-windows-ix86+x86_64 2.2.0 35.00 223.00 258.00 NOTE

Check Details

Version: 2.2.0
Check: package dependencies
Result: NOTE
    Package suggested but not available for checking: 'cplexAPI'
Flavors: r-devel-linux-x86_64-debian-clang, r-devel-linux-x86_64-debian-gcc, r-devel-linux-x86_64-fedora-clang, r-devel-linux-x86_64-fedora-gcc, r-devel-windows-x86_64-new-UL, r-devel-windows-x86_64-new-TK, r-devel-windows-x86_64-old, r-patched-linux-x86_64, r-patched-solaris-x86, r-release-linux-x86_64, r-release-windows-ix86+x86_64, r-oldrel-windows-ix86+x86_64

Version: 2.2.0
Check: package dependencies
Result: NOTE
    Packages suggested but not available for checking: 'cplexAPI', 'clpAPI'
Flavors: r-release-macos-arm64, r-release-macos-x86_64, r-oldrel-macos-x86_64