Last updated on 2022-06-28 10:49:21 CEST.
Flavor | Version | Tinstall | Tcheck | Ttotal | Status | Flags |
---|---|---|---|---|---|---|
r-devel-linux-x86_64-debian-clang | 2.2.0 | 24.13 | 273.43 | 297.56 | NOTE | |
r-devel-linux-x86_64-debian-gcc | 2.2.0 | 22.36 | 200.21 | 222.57 | NOTE | |
r-devel-linux-x86_64-fedora-clang | 2.2.0 | 376.21 | NOTE | |||
r-devel-linux-x86_64-fedora-gcc | 2.2.0 | 368.25 | NOTE | |||
r-devel-windows-x86_64 | 2.2.0 | 187.00 | 386.00 | 573.00 | NOTE | |
r-patched-linux-x86_64 | 2.2.0 | 32.24 | 253.16 | 285.40 | NOTE | |
r-release-linux-x86_64 | 2.2.0 | 33.38 | 251.84 | 285.22 | NOTE | |
r-release-macos-arm64 | 2.2.0 | 139.00 | NOTE | |||
r-release-macos-x86_64 | 2.2.0 | 241.00 | NOTE | |||
r-release-windows-x86_64 | 2.2.0 | 217.00 | 388.00 | 605.00 | NOTE | |
r-oldrel-macos-arm64 | 2.2.0 | 163.00 | NOTE | |||
r-oldrel-macos-x86_64 | 2.2.0 | 253.00 | NOTE | |||
r-oldrel-windows-ix86+x86_64 | 2.2.0 | 52.00 | 228.00 | 280.00 | NOTE |
Version: 2.2.0
Check: package dependencies
Result: NOTE
Packages suggested but not available for checking: 'cplexAPI', 'clpAPI'
Flavors: r-devel-linux-x86_64-debian-clang, r-devel-linux-x86_64-debian-gcc, r-devel-linux-x86_64-fedora-clang, r-devel-linux-x86_64-fedora-gcc, r-patched-linux-x86_64, r-release-linux-x86_64, r-release-macos-arm64, r-release-macos-x86_64, r-oldrel-macos-arm64, r-oldrel-macos-x86_64
Version: 2.2.0
Check: package dependencies
Result: NOTE
Package suggested but not available for checking: 'cplexAPI'
Flavors: r-devel-windows-x86_64, r-release-windows-x86_64, r-oldrel-windows-ix86+x86_64