CRAN Package Check Results for Package sybilcycleFreeFlux

Last updated on 2021-06-14 12:59:05 CEST.

Flavor Version Tinstall Tcheck Ttotal Status Flags
r-devel-linux-x86_64-debian-clang 2.0.2 8.80 87.48 96.28 OK
r-devel-linux-x86_64-debian-gcc 2.0.2 8.23 66.61 74.84 OK
r-devel-linux-x86_64-fedora-clang 2.0.2 126.42 NOTE
r-devel-linux-x86_64-fedora-gcc 2.0.2 113.52 NOTE
r-devel-windows-x86_64 2.0.2 14.00 103.00 117.00 NOTE
r-devel-windows-x86_64-gcc10-UCRT 2.0.2 NOTE
r-patched-linux-x86_64 2.0.2 12.43 83.98 96.41 OK
r-patched-solaris-x86 2.0.2 172.90 NOTE
r-release-linux-x86_64 2.0.2 9.50 83.40 92.90 OK
r-release-macos-arm64 2.0.2 NOTE
r-release-macos-x86_64 2.0.2 NOTE
r-release-windows-ix86+x86_64 2.0.2 20.00 87.00 107.00 NOTE
r-oldrel-macos-x86_64 2.0.2 NOTE
r-oldrel-windows-ix86+x86_64 2.0.2 14.00 107.00 121.00 NOTE

Check Details

Version: 2.0.2
Check: package dependencies
Result: NOTE
    Package suggested but not available for checking: ‘cplexAPI’
Flavors: r-devel-linux-x86_64-fedora-clang, r-devel-linux-x86_64-fedora-gcc, r-devel-windows-x86_64, r-devel-windows-x86_64-gcc10-UCRT, r-patched-solaris-x86, r-release-macos-arm64, r-release-macos-x86_64, r-release-windows-ix86+x86_64, r-oldrel-macos-x86_64, r-oldrel-windows-ix86+x86_64