CRAN Package Check Results for Package sylly

Last updated on 2020-04-09 00:50:44 CEST.

Flavor Version Tinstall Tcheck Ttotal Status Flags
r-devel-linux-x86_64-debian-clang 0.1-5 4.83 35.67 40.50 NOTE
r-devel-linux-x86_64-debian-gcc 0.1-5 3.72 27.99 31.71 NOTE
r-devel-linux-x86_64-fedora-clang 0.1-5 51.09 NOTE
r-devel-linux-x86_64-fedora-gcc 0.1-5 49.65 NOTE
r-devel-windows-ix86+x86_64 0.1-5 10.00 65.00 75.00 NOTE
r-devel-windows-ix86+x86_64-gcc8 0.1-5 10.00 48.00 58.00 NOTE
r-patched-linux-x86_64 0.1-5 4.67 35.22 39.89 NOTE
r-patched-solaris-x86 0.1-5 71.90 NOTE
r-release-linux-x86_64 0.1-5 3.73 32.72 36.45 NOTE
r-release-windows-ix86+x86_64 0.1-5 7.00 60.00 67.00 NOTE
r-release-osx-x86_64 0.1-5 NOTE
r-oldrel-windows-ix86+x86_64 0.1-5 13.00 44.00 57.00 NOTE
r-oldrel-osx-x86_64 0.1-5 NOTE

Check Details

Version: 0.1-5
Check: package dependencies
Result: NOTE
    Packages suggested but not available for checking: 'sylly.de', 'sylly.es'
Flavors: r-devel-linux-x86_64-debian-clang, r-devel-linux-x86_64-debian-gcc, r-devel-linux-x86_64-fedora-clang, r-devel-linux-x86_64-fedora-gcc, r-devel-windows-ix86+x86_64, r-devel-windows-ix86+x86_64-gcc8, r-patched-linux-x86_64, r-patched-solaris-x86, r-release-linux-x86_64, r-release-windows-ix86+x86_64, r-release-osx-x86_64

Version: 0.1-5
Check: package dependencies
Result: NOTE
    Packages suggested but not available for checking: 'sylly.de' 'sylly.es'
Flavors: r-oldrel-windows-ix86+x86_64, r-oldrel-osx-x86_64