CRAN Package Check Results for Package symbol.equation.gpt

Last updated on 2023-12-07 14:49:35 CET.

Flavor Version Tinstall Tcheck Ttotal Status Flags
r-devel-linux-x86_64-debian-clang 1.1.3 4.66 40.65 45.31 OK
r-devel-linux-x86_64-debian-gcc 1.1.3 3.14 31.56 34.70 OK
r-devel-linux-x86_64-fedora-clang 1.1.3 52.42 NOTE
r-devel-linux-x86_64-fedora-gcc 1.1.3 63.73 NOTE
r-devel-windows-x86_64 1.1.3 5.00 55.00 60.00 OK
r-patched-linux-x86_64 1.1.3 2.77 39.80 42.57 OK
r-release-linux-x86_64 1.1.3 2.38 39.54 41.92 OK
r-release-macos-arm64 1.1.3 29.00 OK
r-release-macos-x86_64 1.1.3 61.00 OK
r-release-windows-x86_64 1.1.3 6.00 59.00 65.00 OK
r-oldrel-macos-arm64 1.1.3 29.00 OK
r-oldrel-macos-x86_64 1.1.3 31.00 OK
r-oldrel-windows-x86_64 1.1.3 6.00 64.00 70.00 OK

Check Details

Version: 1.1.3
Check: dependencies in R code
Result: NOTE Namespaces in Imports field not imported from: ‘htmltools’ ‘markdown’ ‘nextGenShinyApps’ All declared Imports should be used. Flavors: r-devel-linux-x86_64-fedora-clang, r-devel-linux-x86_64-fedora-gcc