CRAN Package Check Results for Package syn

Last updated on 2021-05-17 02:47:08 CEST.

Flavor Version Tinstall Tcheck Ttotal Status Flags
r-devel-linux-x86_64-debian-clang 0.1.0 12.44 26.92 39.36 NOTE
r-devel-linux-x86_64-debian-gcc 0.1.0 11.62 21.91 33.53 NOTE
r-devel-linux-x86_64-fedora-clang 0.1.0 59.33 NOTE
r-devel-linux-x86_64-fedora-gcc 0.1.0 47.87 NOTE
r-devel-windows-ix86+x86_64 0.1.0 20.00 33.00 53.00 NOTE
r-devel-windows-x86_64-gcc10-UCRT 0.1.0 NOTE
r-patched-linux-x86_64 0.1.0 13.53 26.36 39.89 NOTE
r-patched-solaris-x86 0.1.0 87.40 NOTE
r-release-linux-x86_64 0.1.0 11.97 25.66 37.63 OK
r-release-macos-x86_64 0.1.0 OK
r-release-windows-ix86+x86_64 0.1.0 18.00 32.00 50.00 OK
r-oldrel-macos-x86_64 0.1.0 OK
r-oldrel-windows-ix86+x86_64 0.1.0 16.00 39.00 55.00 OK

Check Details

Version: 0.1.0
Check: LazyData
Result: NOTE
     'LazyData' is specified without a 'data' directory
Flavors: r-devel-linux-x86_64-debian-clang, r-devel-linux-x86_64-debian-gcc, r-devel-linux-x86_64-fedora-clang, r-devel-linux-x86_64-fedora-gcc, r-devel-windows-ix86+x86_64, r-devel-windows-x86_64-gcc10-UCRT, r-patched-linux-x86_64, r-patched-solaris-x86