CRAN Package Check Results for Package synMicrodata

Last updated on 2024-07-24 14:52:33 CEST.

Flavor Version Tinstall Tcheck Ttotal Status Flags
r-devel-linux-x86_64-debian-clang 2.0.0 55.06 60.07 115.13 OK
r-devel-linux-x86_64-debian-gcc 2.0.0 35.43 41.53 76.96 NOTE
r-devel-linux-x86_64-fedora-clang 2.0.0 163.68 OK
r-devel-linux-x86_64-fedora-gcc 2.0.0 152.01 OK
r-devel-windows-x86_64 2.0.0 41.00 83.00 124.00 NOTE
r-patched-linux-x86_64 2.0.0 55.14 52.32 107.46 OK
r-release-linux-x86_64 2.0.0 35.93 52.23 88.16 OK
r-release-macos-arm64 2.0.0 59.00 OK
r-release-macos-x86_64 2.0.0 50.00 OK
r-release-windows-x86_64 2.0.0 48.00 80.00 128.00 OK
r-oldrel-macos-arm64 2.0.0 52.00 OK
r-oldrel-macos-x86_64 2.0.0 94.00 OK
r-oldrel-windows-x86_64 2.0.0 49.00 94.00 143.00 OK

Check Details

Version: 2.0.0
Check: Rd cross-references
Result: NOTE Found the following Rd file(s) with Rd \link{} targets missing package anchors: Rcpp_modelobject-class.Rd: C++Object-class Please provide package anchors for all Rd \link{} targets not in the package itself and the base packages. Flavors: r-devel-linux-x86_64-debian-gcc, r-devel-windows-x86_64