CRAN Package Check Results for Package synchronicity

Last updated on 2019-10-23 17:50:13 CEST.

Flavor Version Tinstall Tcheck Ttotal Status Flags
r-devel-linux-x86_64-debian-clang 1.3.5 27.37 23.05 50.42 OK
r-devel-linux-x86_64-debian-gcc 1.3.5 18.05 19.33 37.38 OK
r-devel-linux-x86_64-fedora-clang 1.3.5 69.38 NOTE
r-devel-linux-x86_64-fedora-gcc 1.3.5 66.65 NOTE
r-devel-windows-ix86+x86_64 1.3.5 68.00 77.00 145.00 OK
r-patched-linux-x86_64 1.3.5 21.94 23.07 45.01 OK
r-patched-solaris-x86 1.3.5 74.40 OK
r-release-linux-x86_64 1.3.5 21.60 23.10 44.70 OK
r-release-windows-ix86+x86_64 1.3.5 88.00 55.00 143.00 OK
r-release-osx-x86_64 1.3.5 OK
r-oldrel-windows-ix86+x86_64 1.3.5 91.00 72.00 163.00 OK
r-oldrel-osx-x86_64 1.3.5 OK

Check Details

Version: 1.3.5
Check: top-level files
Result: NOTE
     possible bashism in configure line 12 (echo -n):
     echo -n " checking for Sun Studio compiler..."
     possible bashism in configure line 22 (echo -n):
     echo -n " checking for OS..."
Flavors: r-devel-linux-x86_64-fedora-clang, r-devel-linux-x86_64-fedora-gcc