CRAN Package Check Results for Package syntaxr

Last updated on 2021-05-14 18:48:28 CEST.

Flavor Version Tinstall Tcheck Ttotal Status Flags
r-devel-linux-x86_64-debian-clang 0.8.0 1.72 21.64 23.36 NOTE
r-devel-linux-x86_64-debian-gcc 0.8.0 1.42 17.23 18.65 NOTE
r-devel-linux-x86_64-fedora-clang 0.8.0 40.75 NOTE
r-devel-linux-x86_64-fedora-gcc 0.8.0 27.55 NOTE
r-devel-windows-ix86+x86_64 0.8.0 6.00 31.00 37.00 NOTE
r-devel-windows-x86_64-gcc10-UCRT 0.8.0 NOTE
r-patched-linux-x86_64 0.8.0 1.97 21.16 23.13 NOTE
r-patched-solaris-x86 0.8.0 46.30 NOTE
r-release-linux-x86_64 0.8.0 1.80 21.06 22.86 OK
r-release-macos-x86_64 0.8.0 OK
r-release-windows-ix86+x86_64 0.8.0 5.00 38.00 43.00 OK
r-oldrel-macos-x86_64 0.8.0 OK
r-oldrel-windows-ix86+x86_64 0.8.0 3.00 34.00 37.00 OK

Check Details

Version: 0.8.0
Check: LazyData
Result: NOTE
     'LazyData' is specified without a 'data' directory
Flavors: r-devel-linux-x86_64-debian-clang, r-devel-linux-x86_64-debian-gcc, r-devel-linux-x86_64-fedora-clang, r-devel-linux-x86_64-fedora-gcc, r-devel-windows-ix86+x86_64, r-devel-windows-x86_64-gcc10-UCRT, r-patched-linux-x86_64, r-patched-solaris-x86