CRAN Package Check Results for Package sys

Last updated on 2019-03-25 06:47:32 CET.

Flavor Version Tinstall Tcheck Ttotal Status Flags
r-devel-linux-x86_64-debian-clang 3.1 1.62 20.06 21.68 OK
r-devel-linux-x86_64-debian-gcc 3.1 1.62 16.84 18.46 OK
r-devel-linux-x86_64-fedora-clang 3.1 28.88 OK
r-devel-linux-x86_64-fedora-gcc 3.1 26.33 OK
r-devel-windows-ix86+x86_64 3.1 15.00 85.00 100.00 NOTE
r-patched-linux-x86_64 3.1 1.10 18.77 19.87 OK
r-patched-solaris-x86 3.1 42.00 OK
r-release-linux-x86_64 3.1 1.35 19.04 20.39 OK
r-release-windows-ix86+x86_64 3.1 10.00 59.00 69.00 NOTE
r-release-osx-x86_64 3.1 OK
r-oldrel-windows-ix86+x86_64 3.1 11.00 68.00 79.00 NOTE
r-oldrel-osx-x86_64 3.1 OK

Check Details

Version: 3.1
Check: package dependencies
Result: NOTE
    Package suggested but not available for checking: 'unix'
Flavors: r-devel-windows-ix86+x86_64, r-release-windows-ix86+x86_64, r-oldrel-windows-ix86+x86_64