CRAN Package Check Results for Package sys

Last updated on 2019-05-22 02:52:12 CEST.

Flavor Version Tinstall Tcheck Ttotal Status Flags
r-devel-linux-x86_64-debian-clang 3.2 1.78 20.39 22.17 OK
r-devel-linux-x86_64-debian-gcc 3.2 1.54 16.95 18.49 OK
r-devel-linux-x86_64-fedora-clang 3.2 28.39 OK
r-devel-linux-x86_64-fedora-gcc 3.2 27.03 OK
r-devel-windows-ix86+x86_64 3.2 15.00 77.00 92.00 NOTE
r-patched-linux-x86_64 3.2 1.80 20.28 22.08 OK
r-patched-solaris-x86 3.2 44.10 ERROR
r-release-linux-x86_64 3.2 1.44 20.38 21.82 OK
r-release-windows-ix86+x86_64 3.2 18.00 78.00 96.00 NOTE
r-release-osx-x86_64 3.2 OK
r-oldrel-windows-ix86+x86_64 3.2 9.00 63.00 72.00 NOTE
r-oldrel-osx-x86_64 3.2 OK

Check Details

Version: 3.2
Check: package dependencies
Result: NOTE
    Package suggested but not available for checking: 'unix'
Flavors: r-devel-windows-ix86+x86_64, r-release-windows-ix86+x86_64, r-oldrel-windows-ix86+x86_64

Version: 3.2
Check: tests
Result: ERROR
     Running ‘spelling.R’
     Running ‘testthat.R’ [5s/102s]
    Running the tests in ‘tests/testthat.R’ failed.
    Complete output:
     > library(testthat)
     > library(sys)
     >
     > test_check("sys")
     ── 1. Failure: exec timeout works (@test-timeout.R#20) ────────────────────────
     times[["elapsed"]] is not strictly less than 0.99. Difference: 0.172
    
     ══ testthat results ═══════════════════════════════════════════════════════════
     OK: 39 SKIPPED: 2 WARNINGS: 0 FAILED: 1
     1. Failure: exec timeout works (@test-timeout.R#20)
    
     Error: testthat unit tests failed
     Execution halted
Flavor: r-patched-solaris-x86