CRAN Package Check Results for Package syslognet

Last updated on 2021-10-17 09:48:53 CEST.

Flavor Version Tinstall Tcheck Ttotal Status Flags
r-devel-linux-x86_64-debian-clang 0.1.2.1 1.64 19.23 20.87 NOTE
r-devel-linux-x86_64-debian-gcc 0.1.2.1 1.44 15.12 16.56 NOTE
r-devel-linux-x86_64-fedora-clang 0.1.2.1 35.72 NOTE
r-devel-linux-x86_64-fedora-gcc 0.1.2.1 25.06 NOTE
r-devel-windows-x86_64 0.1.2.1 4.00 29.00 33.00 NOTE
r-devel-windows-x86_64-gcc10-UCRT 0.1.2.1 NOTE
r-patched-linux-x86_64 0.1.2.1 1.58 18.72 20.30 NOTE
r-patched-solaris-x86 0.1.2.1 43.50 NOTE
r-release-linux-x86_64 0.1.2.1 1.58 18.47 20.05 NOTE
r-release-macos-arm64 0.1.2.1 NOTE
r-release-macos-x86_64 0.1.2.1 NOTE
r-release-windows-ix86+x86_64 0.1.2.1 4.00 27.00 31.00 NOTE
r-oldrel-macos-x86_64 0.1.2.1 OK
r-oldrel-windows-ix86+x86_64 0.1.2.1 4.00 28.00 32.00 OK

Check Details

Version: 0.1.2.1
Check: LazyData
Result: NOTE
     'LazyData' is specified without a 'data' directory
Flavors: r-devel-linux-x86_64-debian-clang, r-devel-linux-x86_64-debian-gcc, r-devel-linux-x86_64-fedora-clang, r-devel-linux-x86_64-fedora-gcc, r-devel-windows-x86_64, r-devel-windows-x86_64-gcc10-UCRT, r-patched-linux-x86_64, r-patched-solaris-x86, r-release-linux-x86_64, r-release-macos-arm64, r-release-macos-x86_64, r-release-windows-ix86+x86_64