CRAN Package Check Results for Package systemfonts

Last updated on 2020-03-30 08:50:55 CEST.

Flavor Version Tinstall Tcheck Ttotal Status Flags
r-devel-linux-x86_64-debian-clang 0.1.1 3.94 22.13 26.07 OK
r-devel-linux-x86_64-debian-gcc 0.1.1 2.58 18.02 20.60 OK
r-devel-linux-x86_64-fedora-clang 0.1.1 40.26 NOTE
r-devel-linux-x86_64-fedora-gcc 0.1.1 33.20 NOTE
r-devel-windows-ix86+x86_64 0.1.1 21.00 57.00 78.00 OK
r-devel-windows-ix86+x86_64-gcc8 0.1.1 24.00 56.00 80.00 OK
r-patched-linux-x86_64 0.1.1 3.24 21.88 25.12 OK
r-patched-solaris-x86 0.1.1 52.60 OK
r-release-linux-x86_64 0.1.1 2.79 20.26 23.05 OK
r-release-windows-ix86+x86_64 0.1.1 34.00 75.00 109.00 OK
r-release-osx-x86_64 0.1.1 OK
r-oldrel-windows-ix86+x86_64 0.1.1 26.00 77.00 103.00 OK
r-oldrel-osx-x86_64 0.1.1 OK

Check Details

Version: 0.1.1
Check: top-level files
Result: NOTE
    ‘configure’: /bin/bash is not portable
Flavors: r-devel-linux-x86_64-fedora-clang, r-devel-linux-x86_64-fedora-gcc