CRAN Package Check Results for Package tab

Last updated on 2019-07-22 13:47:08 CEST.

Flavor Version Tinstall Tcheck Ttotal Status Flags
r-devel-linux-x86_64-debian-clang 4.1.1 10.77 95.14 105.91 OK
r-devel-linux-x86_64-debian-gcc 4.1.1 10.77 71.63 82.40 OK
r-devel-linux-x86_64-fedora-clang 4.1.1 129.39 NOTE
r-devel-linux-x86_64-fedora-gcc 4.1.1 145.38 NOTE
r-devel-windows-ix86+x86_64 4.1.1 21.00 145.00 166.00 OK
r-patched-linux-x86_64 4.1.1 10.59 91.86 102.45 OK
r-patched-solaris-x86 4.1.1 188.00 NOTE
r-release-linux-x86_64 4.1.1 10.57 92.26 102.83 OK
r-release-windows-ix86+x86_64 4.1.1 23.00 96.00 119.00 OK
r-release-osx-x86_64 4.1.1 NOTE
r-oldrel-windows-ix86+x86_64 4.1.1 23.00 135.00 158.00 OK
r-oldrel-osx-x86_64 4.1.1 NOTE

Check Details

Version: 4.1.1
Check: dependencies in R code
Result: NOTE
    Namespaces in Imports field not imported from:
     ‘gee’ ‘survival’
     All declared Imports should be used.
Flavors: r-devel-linux-x86_64-fedora-clang, r-devel-linux-x86_64-fedora-gcc, r-patched-solaris-x86, r-release-osx-x86_64, r-oldrel-osx-x86_64