CRAN Package Check Results for Package taber

Last updated on 2023-05-29 23:03:58 CEST.

Flavor Version Tinstall Tcheck Ttotal Status Flags
r-devel-linux-x86_64-debian-clang 0.1.2 4.95 39.57 44.52 NOTE
r-devel-linux-x86_64-debian-gcc 0.1.2 3.47 30.15 33.62 NOTE
r-devel-linux-x86_64-fedora-clang 0.1.2 54.20 NOTE
r-devel-linux-x86_64-fedora-gcc 0.1.2 51.10 NOTE
r-devel-windows-x86_64 0.1.2 6.00 52.00 58.00 NOTE
r-patched-linux-x86_64 0.1.2 3.11 37.77 40.88 NOTE
r-release-linux-x86_64 0.1.2 2.91 37.45 40.36 NOTE
r-release-macos-arm64 0.1.2 22.00 NOTE
r-release-macos-x86_64 0.1.2 30.00 NOTE
r-release-windows-x86_64 0.1.2 7.00 54.00 61.00 NOTE
r-oldrel-macos-arm64 0.1.2 25.00 NOTE
r-oldrel-macos-x86_64 0.1.2 43.00 NOTE
r-oldrel-windows-x86_64 0.1.2 7.00 59.00 66.00 NOTE

Check Details

Version: 0.1.2
Check: LazyData
Result: NOTE
     'LazyData' is specified without a 'data' directory
Flavors: r-devel-linux-x86_64-debian-clang, r-devel-linux-x86_64-debian-gcc, r-devel-linux-x86_64-fedora-clang, r-devel-linux-x86_64-fedora-gcc, r-devel-windows-x86_64, r-patched-linux-x86_64, r-release-linux-x86_64, r-release-macos-arm64, r-release-macos-x86_64, r-release-windows-x86_64, r-oldrel-macos-arm64, r-oldrel-macos-x86_64, r-oldrel-windows-x86_64