CRAN Package Check Results for Package taber

Last updated on 2022-05-20 17:50:38 CEST.

Flavor Version Tinstall Tcheck Ttotal Status Flags
r-devel-linux-x86_64-debian-clang 0.1.2 4.61 55.69 60.30 NOTE
r-devel-linux-x86_64-debian-gcc 0.1.2 3.26 41.78 45.04 NOTE
r-devel-linux-x86_64-fedora-clang 0.1.2 69.74 NOTE
r-devel-linux-x86_64-fedora-gcc 0.1.2 68.95 NOTE
r-devel-windows-x86_64 0.1.2 11.00 66.00 77.00 NOTE
r-patched-linux-x86_64 0.1.2 3.94 51.92 55.86 NOTE
r-release-linux-x86_64 0.1.2 4.90 51.60 56.50 NOTE
r-release-macos-arm64 0.1.2 25.00 NOTE
r-release-macos-x86_64 0.1.2 43.00 NOTE
r-release-windows-x86_64 0.1.2 10.00 68.00 78.00 NOTE
r-oldrel-macos-arm64 0.1.2 25.00 NOTE
r-oldrel-macos-x86_64 0.1.2 39.00 NOTE
r-oldrel-windows-ix86+x86_64 0.1.2 12.00 70.00 82.00 NOTE

Check Details

Version: 0.1.2
Check: LazyData
Result: NOTE
     'LazyData' is specified without a 'data' directory
Flavors: r-devel-linux-x86_64-debian-clang, r-devel-linux-x86_64-debian-gcc, r-devel-linux-x86_64-fedora-clang, r-devel-linux-x86_64-fedora-gcc, r-devel-windows-x86_64, r-patched-linux-x86_64, r-release-linux-x86_64, r-release-macos-arm64, r-release-macos-x86_64, r-release-windows-x86_64, r-oldrel-macos-arm64, r-oldrel-macos-x86_64, r-oldrel-windows-ix86+x86_64