CRAN Package Check Results for Package tabit

Last updated on 2022-08-17 11:52:08 CEST.

Flavor Version Tinstall Tcheck Ttotal Status Flags
r-devel-linux-x86_64-debian-clang 0.2.1 1.84 23.50 25.34 NOTE
r-devel-linux-x86_64-debian-gcc 0.2.1 NOTE
r-devel-linux-x86_64-fedora-clang 0.2.1 42.01 NOTE
r-devel-linux-x86_64-fedora-gcc 0.2.1 40.79 NOTE
r-devel-windows-x86_64 0.2.1 8.00 48.00 56.00 NOTE
r-patched-linux-x86_64 0.2.1 1.70 23.04 24.74 NOTE
r-release-linux-x86_64 0.2.1 1.79 22.53 24.32 NOTE
r-release-macos-arm64 0.2.1 14.00 NOTE
r-release-macos-x86_64 0.2.1 20.00 NOTE
r-release-windows-x86_64 0.2.1 10.00 49.00 59.00 NOTE
r-oldrel-macos-arm64 0.2.1 15.00 NOTE
r-oldrel-macos-x86_64 0.2.1 25.00 NOTE
r-oldrel-windows-ix86+x86_64 0.2.1 4.00 46.00 50.00 NOTE

Check Details

Version: 0.2.1
Check: LazyData
Result: NOTE
     'LazyData' is specified without a 'data' directory
Flavors: r-devel-linux-x86_64-debian-clang, r-devel-linux-x86_64-debian-gcc, r-devel-linux-x86_64-fedora-clang, r-devel-linux-x86_64-fedora-gcc, r-devel-windows-x86_64, r-patched-linux-x86_64, r-release-linux-x86_64, r-release-macos-arm64, r-release-macos-x86_64, r-release-windows-x86_64, r-oldrel-macos-arm64, r-oldrel-macos-x86_64, r-oldrel-windows-ix86+x86_64