Last updated on 2023-02-07 21:54:31 CET.
Flavor | Version | Tinstall | Tcheck | Ttotal | Status | Flags |
---|---|---|---|---|---|---|
r-devel-linux-x86_64-debian-clang | 0.4.0 | 6.55 | 65.70 | 72.25 | NOTE | |
r-devel-linux-x86_64-debian-gcc | 0.4.0 | 4.97 | 50.83 | 55.80 | NOTE | |
r-devel-linux-x86_64-fedora-clang | 0.4.0 | 77.66 | NOTE | |||
r-devel-linux-x86_64-fedora-gcc | 0.4.0 | 79.72 | NOTE | |||
r-devel-windows-x86_64 | 0.4.0 | 18.00 | 141.00 | 159.00 | OK | |
r-patched-linux-x86_64 | 0.4.0 | 7.09 | 65.05 | 72.14 | NOTE | |
r-release-linux-x86_64 | 0.4.0 | 5.77 | 68.60 | 74.37 | NOTE | |
r-release-macos-arm64 | 0.4.0 | 28.00 | OK | |||
r-release-macos-x86_64 | 0.4.0 | 41.00 | OK | |||
r-release-windows-x86_64 | 0.4.0 | 37.00 | 148.00 | 185.00 | OK | |
r-oldrel-macos-arm64 | 0.4.0 | 45.00 | OK | |||
r-oldrel-macos-x86_64 | 0.4.0 | 51.00 | OK | |||
r-oldrel-windows-ix86+x86_64 | 0.4.0 | 26.00 | 133.00 | 159.00 | OK |
Version: 0.4.0
Check: for non-standard things in the check directory
Result: NOTE
Found the following files/directories:
‘.xls’ ‘attenu.xls’ ‘chick1.xls’ ‘chick2.xls’ ‘generic1.xls’
‘hands.xls’ ‘table1.xls’
Flavors: r-devel-linux-x86_64-debian-clang, r-devel-linux-x86_64-debian-gcc, r-devel-linux-x86_64-fedora-clang, r-devel-linux-x86_64-fedora-gcc, r-patched-linux-x86_64, r-release-linux-x86_64