CRAN Package Check Results for Package tabnet

Last updated on 2021-05-18 16:48:44 CEST.

Flavor Version Tinstall Tcheck Ttotal Status Flags
r-devel-linux-x86_64-debian-clang 0.1.0 4.07 39.43 43.50 NOTE
r-devel-linux-x86_64-debian-gcc 0.1.0 3.02 30.74 33.76 NOTE
r-devel-linux-x86_64-fedora-clang 0.1.0 61.12 NOTE
r-devel-linux-x86_64-fedora-gcc 0.1.0 50.53 NOTE
r-devel-windows-ix86+x86_64 0.1.0 10.00 42.00 52.00 NOTE
r-devel-windows-x86_64-gcc10-UCRT 0.1.0 NOTE
r-patched-linux-x86_64 0.1.0 4.32 39.06 43.38 NOTE
r-patched-solaris-x86 0.1.0 81.30 NOTE
r-release-linux-x86_64 0.1.0 3.66 37.96 41.62 OK
r-release-macos-x86_64 0.1.0 OK
r-release-windows-ix86+x86_64 0.1.0 7.00 45.00 52.00 OK
r-oldrel-macos-x86_64 0.1.0 OK
r-oldrel-windows-ix86+x86_64 0.1.0 5.00 55.00 60.00 OK

Check Details

Version: 0.1.0
Check: LazyData
Result: NOTE
     'LazyData' is specified without a 'data' directory
Flavors: r-devel-linux-x86_64-debian-clang, r-devel-linux-x86_64-debian-gcc, r-devel-linux-x86_64-fedora-clang, r-devel-linux-x86_64-fedora-gcc, r-devel-windows-ix86+x86_64, r-devel-windows-x86_64-gcc10-UCRT, r-patched-linux-x86_64, r-patched-solaris-x86