CRAN Package Check Results for Package tabula

Last updated on 2020-02-28 00:48:10 CET.

Flavor Version Tinstall Tcheck Ttotal Status Flags
r-devel-linux-x86_64-debian-clang 1.5.0 10.82 189.42 200.24 WARN
r-devel-linux-x86_64-debian-gcc 1.5.0 7.92 140.55 148.47 WARN
r-devel-linux-x86_64-fedora-clang 1.5.0 246.98 OK
r-devel-linux-x86_64-fedora-gcc 1.5.0 223.33 OK
r-devel-windows-ix86+x86_64 1.5.0 19.00 236.00 255.00 OK
r-devel-windows-ix86+x86_64-gcc8 1.5.0 20.00 205.00 225.00 OK
r-patched-linux-x86_64 1.5.0 7.43 169.27 176.70 OK
r-patched-solaris-x86 1.5.0 282.20 OK
r-release-linux-x86_64 1.5.0 7.33 168.25 175.58 OK
r-release-windows-ix86+x86_64 1.5.0 17.00 200.00 217.00 OK
r-release-osx-x86_64 1.5.0 OK
r-oldrel-windows-ix86+x86_64 1.5.0 10.00 200.00 210.00 OK
r-oldrel-osx-x86_64 1.5.0 OK

Check Details

Version: 1.5.0
Check: re-building of vignette outputs
Result: WARN
    Error(s) in re-building vignettes:
     ...
    --- re-building 'bibliography.Rmd' using rmarkdown
    --- finished re-building 'bibliography.Rmd'
    
    --- re-building 'dating.Rmd' using rmarkdown
    --- finished re-building 'dating.Rmd'
    
    --- re-building 'diversity.Rmd' using rmarkdown
    --- finished re-building 'diversity.Rmd'
    
    --- re-building 'seriation.Rmd' using rmarkdown
    Quitting from lines 230-276 (seriation.Rmd)
    Error: processing vignette 'seriation.Rmd' failed with diagnostics:
    <BootCA> instance initialization:
    * 'rows[[1]]' must be integer; not character.
    * 'columns[[1]]' must be integer; not character.
    --- failed re-building 'seriation.Rmd'
    
    SUMMARY: processing the following file failed:
     'seriation.Rmd'
    
    Error: Vignette re-building failed.
    Execution halted
Flavors: r-devel-linux-x86_64-debian-clang, r-devel-linux-x86_64-debian-gcc