CRAN Package Check Results for Package tabula

Last updated on 2019-11-21 05:48:01 CET.

Flavor Version Tinstall Tcheck Ttotal Status Flags
r-devel-linux-x86_64-debian-clang 1.3.0 10.32 180.59 190.91 OK
r-devel-linux-x86_64-debian-gcc 1.3.0 9.01 140.17 149.18 OK
r-devel-linux-x86_64-fedora-clang 1.3.0 219.18 NOTE
r-devel-linux-x86_64-fedora-gcc 1.3.0 214.86 NOTE
r-devel-windows-ix86+x86_64 1.3.0 29.00 205.00 234.00 OK
r-devel-windows-ix86+x86_64-gcc8 1.3.0 19.00 207.00 226.00 OK
r-patched-linux-x86_64 1.3.0 9.04 171.41 180.45 OK
r-patched-solaris-x86 1.3.0 301.60 NOTE
r-release-linux-x86_64 1.3.0 7.85 169.51 177.36 OK
r-release-windows-ix86+x86_64 1.3.0 20.00 276.00 296.00 OK
r-release-osx-x86_64 1.3.0 NOTE
r-oldrel-windows-ix86+x86_64 1.3.0 13.00 271.00 284.00 OK
r-oldrel-osx-x86_64 1.3.0 NOTE

Additional issues

noLD

Check Details

Version: 1.3.0
Check: dependencies in R code
Result: NOTE
    Namespace in Imports field not imported from: ‘ggplot2’
     All declared Imports should be used.
Flavors: r-devel-linux-x86_64-fedora-clang, r-devel-linux-x86_64-fedora-gcc, r-patched-solaris-x86, r-release-osx-x86_64, r-oldrel-osx-x86_64