CRAN Package Check Results for Package tabularaster

Last updated on 2019-11-14 21:47:17 CET.

Flavor Version Tinstall Tcheck Ttotal Status Flags
r-devel-linux-x86_64-debian-clang 0.5.0 18.35 171.73 190.08 OK
r-devel-linux-x86_64-debian-gcc 0.5.0 15.19 129.72 144.91 OK
r-devel-linux-x86_64-fedora-clang 0.5.0 230.89 NOTE
r-devel-linux-x86_64-fedora-gcc 0.5.0 228.62 NOTE
r-devel-windows-ix86+x86_64 0.5.0 56.00 166.00 222.00 OK
r-patched-linux-x86_64 0.5.0 15.34 161.12 176.46 OK
r-patched-solaris-x86 0.5.0 312.60 NOTE
r-release-linux-x86_64 0.5.0 16.66 164.18 180.84 OK
r-release-windows-ix86+x86_64 0.5.0 27.00 242.00 269.00 OK
r-release-osx-x86_64 0.5.0 NOTE
r-oldrel-windows-ix86+x86_64 0.5.0 18.00 254.00 272.00 OK
r-oldrel-osx-x86_64 0.5.0 NOTE

Check Details

Version: 0.5.0
Check: dependencies in R code
Result: NOTE
    Namespace in Imports field not imported from: ‘methods’
     All declared Imports should be used.
Flavors: r-devel-linux-x86_64-fedora-clang, r-devel-linux-x86_64-fedora-gcc, r-patched-solaris-x86, r-release-osx-x86_64, r-oldrel-osx-x86_64