CRAN Package Check Results for Package tabularaster

Last updated on 2019-07-21 14:46:53 CEST.

Flavor Version Tinstall Tcheck Ttotal Status Flags
r-devel-linux-x86_64-debian-clang 0.5.0 18.35 166.98 185.33 OK
r-devel-linux-x86_64-debian-gcc 0.5.0 13.77 130.36 144.13 OK
r-devel-linux-x86_64-fedora-clang 0.5.0 225.36 NOTE
r-devel-linux-x86_64-fedora-gcc 0.5.0 217.43 NOTE
r-devel-windows-ix86+x86_64 0.5.0 31.00 253.00 284.00 OK
r-patched-linux-x86_64 0.5.0 16.04 163.48 179.52 OK
r-patched-solaris-x86 0.5.0 296.50 NOTE
r-release-linux-x86_64 0.5.0 18.68 162.35 181.03 OK
r-release-windows-ix86+x86_64 0.5.0 30.00 177.00 207.00 OK
r-release-osx-x86_64 0.5.0 NOTE
r-oldrel-windows-ix86+x86_64 0.5.0 30.00 227.00 257.00 OK
r-oldrel-osx-x86_64 0.5.0 NOTE

Check Details

Version: 0.5.0
Check: dependencies in R code
Result: NOTE
    Namespace in Imports field not imported from: ‘methods’
     All declared Imports should be used.
Flavors: r-devel-linux-x86_64-fedora-clang, r-devel-linux-x86_64-fedora-gcc, r-patched-solaris-x86, r-release-osx-x86_64, r-oldrel-osx-x86_64