CRAN Package Check Results for Package tabxplor

Last updated on 2024-06-13 19:48:45 CEST.

Flavor Version Tinstall Tcheck Ttotal Status Flags
r-devel-linux-x86_64-debian-clang 1.1.3 16.74 182.25 198.99 OK
r-devel-linux-x86_64-debian-gcc 1.1.3 0.40 1.77 2.17 ERROR
r-devel-linux-x86_64-fedora-clang 1.1.3 248.39 OK
r-devel-linux-x86_64-fedora-gcc 1.1.3 237.11 OK
r-devel-windows-x86_64 1.1.3 15.00 146.00 161.00 OK
r-patched-linux-x86_64 1.1.3 24.00 173.12 197.12 OK
r-release-linux-x86_64 1.1.3 11.39 171.69 183.08 OK
r-release-macos-arm64 1.1.3 68.00 OK
r-release-macos-x86_64 1.1.3 105.00 OK
r-release-windows-x86_64 1.1.3 17.00 159.00 176.00 OK
r-oldrel-macos-arm64 1.1.3 75.00 OK
r-oldrel-macos-x86_64 1.1.3 156.00 OK
r-oldrel-windows-x86_64 1.1.3 19.00 174.00 193.00 OK

Check Details

Version: 1.1.3
Check: package dependencies
Result: ERROR Packages required but not available: 'dplyr', 'stringr', 'forcats', 'purrr', 'tibble', 'tidyr', 'vctrs', 'tidyselect', 'pillar', 'kableExtra', 'DescTools' Package suggested but not available for checking: ‘testthat’ See section ‘The DESCRIPTION file’ in the ‘Writing R Extensions’ manual. Flavor: r-devel-linux-x86_64-debian-gcc