CRAN Package Check Results for Package tabxplor

Last updated on 2021-10-22 14:54:56 CEST.

Flavor Version Tinstall Tcheck Ttotal Status Flags
r-devel-linux-x86_64-debian-clang 1.0.1 11.64 212.00 223.64 OK
r-devel-linux-x86_64-debian-gcc 1.0.2 9.24 152.07 161.31 OK
r-devel-linux-x86_64-fedora-clang 1.0.2 275.07 OK
r-devel-linux-x86_64-fedora-gcc 1.0.2 282.05 OK
r-devel-windows-x86_64 1.0.1 20.00 255.00 275.00 OK
r-devel-windows-x86_64-gcc10-UCRT 1.0.1 NOTE
r-patched-linux-x86_64 1.0.2 11.44 194.26 205.70 OK
r-patched-solaris-x86 1.0.2 236.20 OK
r-release-linux-x86_64 1.0.1 10.07 201.84 211.91 OK
r-release-macos-arm64 1.0.1 NOTE
r-release-macos-x86_64 1.0.1 NOTE
r-release-windows-ix86+x86_64 1.0.1 15.00 251.00 266.00 OK
r-oldrel-macos-x86_64 1.0.1 NOTE
r-oldrel-windows-ix86+x86_64 1.0.2 15.00 177.00 192.00 OK

Check Details

Version: 1.0.1
Check: dependencies in R code
Result: NOTE
    Namespace in Imports field not imported from: 'methods'
     All declared Imports should be used.
Flavors: r-devel-windows-x86_64-gcc10-UCRT, r-release-macos-arm64, r-release-macos-x86_64, r-oldrel-macos-x86_64