CRAN Package Check Results for Package tagcloud

Last updated on 2024-06-19 12:27:29 CEST.

Flavor Version Tinstall Tcheck Ttotal Status Flags
r-devel-linux-x86_64-debian-clang 0.6 23.87 38.94 62.81 OK
r-devel-linux-x86_64-debian-gcc 0.6 15.83 30.01 45.84 OK
r-devel-linux-x86_64-fedora-clang 0.6 88.06 NOTE
r-devel-linux-x86_64-fedora-gcc 0.6 115.85 NOTE
r-devel-windows-x86_64 0.6 21.00 66.00 87.00 OK
r-patched-linux-x86_64 0.6 20.54 37.34 57.88 OK
r-release-linux-x86_64 0.6 19.23 37.53 56.76 OK
r-release-macos-arm64 0.6 36.00 OK
r-release-macos-x86_64 0.6 53.00 OK
r-release-windows-x86_64 0.6 22.00 71.00 93.00 OK
r-oldrel-macos-arm64 0.6 41.00 OK
r-oldrel-macos-x86_64 0.6 58.00 OK
r-oldrel-windows-x86_64 0.6 25.00 78.00 103.00 OK

Check Details

Version: 0.6
Check: compiled code
Result: NOTE File ‘tagcloud/libs/tagcloud.so’: Found no calls to: ‘R_registerRoutines’, ‘R_useDynamicSymbols’ It is good practice to register native routines and to disable symbol search. See ‘Writing portable packages’ in the ‘Writing R Extensions’ manual. Flavors: r-devel-linux-x86_64-fedora-clang, r-devel-linux-x86_64-fedora-gcc