CRAN Package Check Results for Package tailr

Last updated on 2020-08-05 10:06:17 CEST.

Flavor Version Tinstall Tcheck Ttotal Status Flags
r-devel-linux-x86_64-debian-clang 0.1.3 2.24 21.76 24.00 NOTE
r-devel-linux-x86_64-debian-gcc 0.1.3 1.49 17.08 18.57 NOTE
r-devel-linux-x86_64-fedora-clang 0.1.3 38.48 NOTE
r-devel-linux-x86_64-fedora-gcc 0.1.3 28.15 NOTE
r-devel-windows-ix86+x86_64 0.1.3 7.00 34.00 41.00 NOTE
r-patched-linux-x86_64 0.1.3 1.97 21.67 23.64 NOTE
r-patched-solaris-x86 0.1.3 42.70 NOTE
r-release-linux-x86_64 0.1.3 1.87 21.44 23.31 NOTE
r-release-macos-x86_64 0.1.3 NOTE
r-release-windows-ix86+x86_64 0.1.3 7.00 53.00 60.00 NOTE
r-oldrel-macos-x86_64 0.1.3 NOTE
r-oldrel-windows-ix86+x86_64 0.1.3 4.00 38.00 42.00 OK

Check Details

Version: 0.1.3
Check: package dependencies
Result: NOTE
    Package suggested but not available for checking: 'pmatch'
Flavors: r-devel-linux-x86_64-debian-clang, r-devel-linux-x86_64-debian-gcc, r-devel-linux-x86_64-fedora-clang, r-devel-linux-x86_64-fedora-gcc, r-devel-windows-ix86+x86_64, r-patched-linux-x86_64, r-patched-solaris-x86, r-release-linux-x86_64, r-release-macos-x86_64, r-release-windows-ix86+x86_64, r-oldrel-macos-x86_64