CRAN Package Check Results for Package taipan

Last updated on 2021-04-11 23:47:15 CEST.

Flavor Version Tinstall Tcheck Ttotal Status Flags
r-devel-linux-x86_64-debian-clang 0.1.2 3.46 37.29 40.75 NOTE
r-devel-linux-x86_64-debian-gcc 0.1.2 2.71 29.27 31.98 NOTE
r-devel-linux-x86_64-fedora-clang 0.1.2 57.05 NOTE
r-devel-linux-x86_64-fedora-gcc 0.1.2 45.56 NOTE
r-devel-windows-ix86+x86_64 0.1.2 9.00 60.00 69.00 NOTE
r-devel-windows-x86_64-gcc10-UCRT 0.1.2 NOTE
r-patched-linux-x86_64 0.1.2 3.49 35.98 39.47 OK
r-patched-solaris-x86 0.1.2 78.50 OK
r-release-linux-x86_64 0.1.2 3.63 35.94 39.57 OK
r-release-macos-x86_64 0.1.2 OK
r-release-windows-ix86+x86_64 0.1.2 8.00 55.00 63.00 OK
r-oldrel-macos-x86_64 0.1.2 OK
r-oldrel-windows-ix86+x86_64 0.1.2 7.00 44.00 51.00 OK

Check Details

Version: 0.1.2
Check: LazyData
Result: NOTE
     'LazyData' is specified without a 'data' directory
Flavors: r-devel-linux-x86_64-debian-clang, r-devel-linux-x86_64-debian-gcc, r-devel-linux-x86_64-fedora-clang, r-devel-linux-x86_64-fedora-gcc, r-devel-windows-ix86+x86_64, r-devel-windows-x86_64-gcc10-UCRT