CRAN Package Check Results for Package takos

Last updated on 2020-05-25 10:49:11 CEST.

Flavor Version Tinstall Tcheck Ttotal Status Flags
r-devel-linux-x86_64-debian-clang 0.1.0 8.34 60.53 68.87 OK
r-devel-linux-x86_64-debian-gcc 0.1.0 5.96 45.90 51.86 OK
r-devel-linux-x86_64-fedora-clang 0.1.0 83.97 NOTE
r-devel-linux-x86_64-fedora-gcc 0.1.0 79.00 NOTE
r-devel-windows-ix86+x86_64 0.1.0 28.00 107.00 135.00 OK
r-patched-linux-x86_64 0.1.0 6.40 57.67 64.07 OK
r-patched-solaris-x86 0.1.0 122.00 NOTE
r-release-linux-x86_64 0.1.0 7.15 57.91 65.06 OK
r-release-osx-x86_64 0.1.0 NOTE
r-release-windows-ix86+x86_64 0.1.0 22.00 107.00 129.00 OK
r-oldrel-osx-x86_64 0.1.0 NOTE
r-oldrel-windows-ix86+x86_64 0.1.0 14.00 104.00 118.00 OK

Check Details

Version: 0.1.0
Check: dependencies in R code
Result: NOTE
    Namespaces in Imports field not imported from:
     ‘MASS’ ‘devEMF’ ‘segmented’ ‘smoother’ ‘tools’
     All declared Imports should be used.
Flavors: r-devel-linux-x86_64-fedora-clang, r-devel-linux-x86_64-fedora-gcc, r-patched-solaris-x86, r-release-osx-x86_64, r-oldrel-osx-x86_64