Last updated on 2023-01-30 10:52:14 CET.
Flavor | Version | Tinstall | Tcheck | Ttotal | Status | Flags |
---|---|---|---|---|---|---|
r-devel-linux-x86_64-debian-gcc | 0.8.2 | 14.46 | 63.92 | 78.38 | OK | |
r-devel-linux-x86_64-fedora-clang | 0.8.2 | 127.42 | OK | |||
r-devel-linux-x86_64-fedora-gcc | 0.8.2 | 72.96 | OK | |||
r-devel-windows-x86_64 | 0.8.2 | 77.00 | 138.00 | 215.00 | OK | |
r-patched-linux-x86_64 | 0.8.2 | 22.28 | 77.16 | 99.44 | OK | |
r-release-linux-x86_64 | 0.8.2 | 15.38 | 79.74 | 95.12 | OK | |
r-release-macos-arm64 | 0.8.2 | 35.00 | OK | |||
r-release-macos-x86_64 | 0.8.2 | 49.00 | OK | |||
r-release-windows-x86_64 | 0.8.2 | 75.00 | 126.00 | 201.00 | OK | |
r-oldrel-macos-arm64 | 0.8.2 | 39.00 | OK | |||
r-oldrel-macos-x86_64 | 0.8.2 | 55.00 | OK | |||
r-oldrel-windows-ix86+x86_64 | 0.8.2 | 27.00 | 132.00 | 159.00 | WARN |
Version: 0.8.2
Check: for unstated dependencies in ‘tests’
Result: WARN
Warning: unable to access index for repository https://bioconductor.org/packages/3.14/bioc/src/contrib:
cannot open URL 'https://bioconductor.org/packages/3.14/bioc/src/contrib/PACKAGES'
Warning: unable to access index for repository https://bioconductor.org/packages/3.14/data/annotation/src/contrib:
cannot open URL 'https://bioconductor.org/packages/3.14/data/annotation/src/contrib/PACKAGES'
Warning: unable to access index for repository https://bioconductor.org/packages/3.14/data/experiment/src/contrib:
cannot open URL 'https://bioconductor.org/packages/3.14/data/experiment/src/contrib/PACKAGES'
Flavor: r-oldrel-windows-ix86+x86_64