CRAN Package Check Results for Package tapLock

Last updated on 2025-01-25 07:50:45 CET.

Flavor Version Tinstall Tcheck Ttotal Status Flags
r-devel-linux-x86_64-debian-clang 0.2.0 2.36 26.63 28.99 NOTE
r-devel-linux-x86_64-debian-gcc 0.2.0 1.79 20.80 22.59 NOTE
r-devel-linux-x86_64-fedora-clang 0.2.0 49.42 OK
r-devel-linux-x86_64-fedora-gcc 0.2.0 61.54 NOTE
r-devel-windows-x86_64 0.2.0 4.00 52.00 56.00 OK
r-patched-linux-x86_64 0.2.0 2.44 25.53 27.97 OK
r-release-linux-x86_64 0.2.0 1.99 25.47 27.46 OK
r-release-macos-arm64 0.2.0 29.00 OK
r-release-macos-x86_64 0.2.0 42.00 OK
r-release-windows-x86_64 0.2.0 5.00 50.00 55.00 OK
r-oldrel-macos-arm64 0.2.0 31.00 OK
r-oldrel-macos-x86_64 0.2.0 46.00 OK
r-oldrel-windows-x86_64 0.2.0 5.00 54.00 59.00 OK

Check Details

Version: 0.2.0
Check: DESCRIPTION meta-information
Result: NOTE Missing dependency on R >= 4.1.0 because package code uses the pipe |> or function shorthand \(...) syntax added in R 4.1.0. File(s) using such syntax: ‘auth0.R’ ‘config.R’ ‘entra_id.R’ ‘google.R’ ‘utils.R’ Flavors: r-devel-linux-x86_64-debian-clang, r-devel-linux-x86_64-debian-gcc, r-devel-linux-x86_64-fedora-gcc