Last updated on 2023-01-28 20:54:42 CET.
Flavor | Version | Tinstall | Tcheck | Ttotal | Status | Flags |
---|---|---|---|---|---|---|
r-devel-linux-x86_64-debian-clang | 1.1.1 | 5.93 | 86.25 | 92.18 | NOTE | |
r-devel-linux-x86_64-debian-gcc | 1.1.1 | 3.96 | 61.09 | 65.05 | NOTE | |
r-devel-linux-x86_64-fedora-clang | 1.1.1 | 112.43 | NOTE | |||
r-devel-linux-x86_64-fedora-gcc | 1.1.1 | 117.59 | NOTE | |||
r-patched-linux-x86_64 | 1.1.1 | 9.14 | 79.30 | 88.44 | NOTE | |
r-release-linux-x86_64 | 1.1.1 | 5.57 | 75.53 | 81.10 | NOTE | |
r-release-macos-arm64 | 1.1.1 | 32.00 | NOTE | |||
r-release-macos-x86_64 | 1.1.1 | 43.00 | NOTE | |||
r-release-windows-x86_64 | 1.1.1 | 44.00 | 119.00 | 163.00 | NOTE | |
r-oldrel-macos-arm64 | 1.1.1 | 37.00 | NOTE | |||
r-oldrel-macos-x86_64 | 1.1.1 | 68.00 | NOTE | |||
r-oldrel-windows-ix86+x86_64 | 1.1.1 | 11.00 | 121.00 | 132.00 | NOTE |
Version: 1.1.1
Check: LazyData
Result: NOTE
'LazyData' is specified without a 'data' directory
Flavors: r-devel-linux-x86_64-debian-clang, r-devel-linux-x86_64-debian-gcc, r-devel-linux-x86_64-fedora-clang, r-devel-linux-x86_64-fedora-gcc, r-patched-linux-x86_64, r-release-linux-x86_64, r-release-macos-arm64, r-release-macos-x86_64, r-release-windows-x86_64, r-oldrel-macos-arm64, r-oldrel-macos-x86_64, r-oldrel-windows-ix86+x86_64