CRAN Package Check Results for Package taxadb

Last updated on 2020-07-12 14:47:53 CEST.

Flavor Version Tinstall Tcheck Ttotal Status Flags
r-devel-linux-x86_64-debian-clang 0.1.0 6.64 136.45 143.09 NOTE
r-devel-linux-x86_64-debian-gcc 0.1.0 5.30 81.53 86.83 NOTE
r-devel-linux-x86_64-fedora-clang 0.1.0 144.30 NOTE
r-devel-linux-x86_64-fedora-gcc 0.1.0 132.05 NOTE
r-devel-windows-ix86+x86_64 0.1.0 15.00 197.00 212.00 NOTE
r-patched-linux-x86_64 0.1.0 5.89 101.84 107.73 NOTE
r-patched-solaris-x86 0.1.0 229.20 NOTE
r-release-linux-x86_64 0.1.0 6.59 102.26 108.85 NOTE
r-release-macos-x86_64 0.1.0 NOTE
r-release-windows-ix86+x86_64 0.1.0 24.00 242.00 266.00 NOTE
r-oldrel-macos-x86_64 0.1.0 NOTE
r-oldrel-windows-ix86+x86_64 0.1.0 23.00 227.00 250.00 NOTE

Check Details

Version: 0.1.0
Check: package dependencies
Result: NOTE
    Packages suggested but not available for checking: 'MonetDBLite', 'duckdb'
Flavors: r-devel-linux-x86_64-debian-clang, r-devel-linux-x86_64-debian-gcc, r-devel-linux-x86_64-fedora-clang, r-devel-linux-x86_64-fedora-gcc, r-devel-windows-ix86+x86_64, r-patched-linux-x86_64, r-patched-solaris-x86, r-release-linux-x86_64, r-release-macos-x86_64, r-release-windows-ix86+x86_64

Version: 0.1.0
Check: dependencies in R code
Result: NOTE
    Namespace in Imports field not imported from: ‘RSQLite’
     All declared Imports should be used.
Flavors: r-devel-linux-x86_64-fedora-clang, r-devel-linux-x86_64-fedora-gcc, r-patched-solaris-x86, r-release-macos-x86_64, r-oldrel-macos-x86_64

Version: 0.1.0
Check: package dependencies
Result: NOTE
    Package suggested but not available for checking: ‘duckdb’
Flavors: r-oldrel-macos-x86_64, r-oldrel-windows-ix86+x86_64