CRAN Package Check Results for Package taxizedb

Last updated on 2020-05-25 10:49:11 CEST.

Flavor Version Tinstall Tcheck Ttotal Status Flags
r-devel-linux-x86_64-debian-clang 0.1.4 6.67 56.18 62.85 OK
r-devel-linux-x86_64-debian-gcc 0.1.4 5.51 43.43 48.94 OK
r-devel-linux-x86_64-fedora-clang 0.1.4 80.89 OK
r-devel-linux-x86_64-fedora-gcc 0.1.4 74.22 OK
r-devel-windows-ix86+x86_64 0.1.4 22.00 101.00 123.00 OK
r-patched-linux-x86_64 0.1.4 7.04 54.04 61.08 OK
r-patched-solaris-x86 0.1.4 108.10 OK
r-release-linux-x86_64 0.1.4 6.96 53.89 60.85 OK
r-release-osx-x86_64 0.1.4 WARN
r-release-windows-ix86+x86_64 0.1.4 32.00 103.00 135.00 OK
r-oldrel-osx-x86_64 0.1.4 OK
r-oldrel-windows-ix86+x86_64 0.1.4 17.00 90.00 107.00 OK

Check Details

Version: 0.1.4
Check: whether the package can be unloaded cleanly
Result: WARN
    Error: package or namespace load failed for ‘taxizedb’ in dyn.load(file, DLLpath = DLLpath, ...):
     unable to load shared object '/Volumes/Builds/packages/high-sierra-x86_64/Rlib/4.0/RMySQL/libs/RMySQL.so':
     dlopen(/Volumes/Builds/packages/high-sierra-x86_64/Rlib/4.0/RMySQL/libs/RMySQL.so, 6): Symbol not found: _GSS_C_NT_USER_NAME
     Referenced from: /Volumes/Builds/packages/high-sierra-x86_64/Rlib/4.0/RMySQL/libs/RMySQL.so
     Expected in: flat namespace
     in /Volumes/Builds/packages/high-sierra-x86_64/Rlib/4.0/RMySQL/libs/RMySQL.so
    Execution halted
Flavor: r-release-osx-x86_64

Version: 0.1.4
Check: whether the namespace can be loaded with stated dependencies
Result: WARN
    Error in dyn.load(file, DLLpath = DLLpath, ...) :
     unable to load shared object '/Volumes/Builds/packages/high-sierra-x86_64/Rlib/4.0/RMySQL/libs/RMySQL.so':
     dlopen(/Volumes/Builds/packages/high-sierra-x86_64/Rlib/4.0/RMySQL/libs/RMySQL.so, 6): Symbol not found: _GSS_C_NT_USER_NAME
     Referenced from: /Volumes/Builds/packages/high-sierra-x86_64/Rlib/4.0/RMySQL/libs/RMySQL.so
     Expected in: flat namespace
     in /Volumes/Builds/packages/high-sierra-x86_64/Rlib/4.0/RMySQL/libs/RMySQL.so
    Calls: <Anonymous> ... asNamespace -> loadNamespace -> library.dynam -> dyn.load
    Execution halted
    
    A namespace must be able to be loaded with just the base namespace
    loaded: otherwise if the namespace gets loaded by a saved object, the
    session will be unable to start.
    
    Probably some imports need to be declared in the NAMESPACE file.
Flavor: r-release-osx-x86_64

Version: 0.1.4
Check: dependencies in R code
Result: NOTE
    Error: package or namespace load failed for ‘taxizedb’ in dyn.load(file, DLLpath = DLLpath, ...):
     unable to load shared object '/Volumes/Builds/packages/high-sierra-x86_64/Rlib/4.0/RMySQL/libs/RMySQL.so':
     dlopen(/Volumes/Builds/packages/high-sierra-x86_64/Rlib/4.0/RMySQL/libs/RMySQL.so, 6): Symbol not found: _GSS_C_NT_USER_NAME
     Referenced from: /Volumes/Builds/packages/high-sierra-x86_64/Rlib/4.0/RMySQL/libs/RMySQL.so
     Expected in: flat namespace
     in /Volumes/Builds/packages/high-sierra-x86_64/Rlib/4.0/RMySQL/libs/RMySQL.so
    Call sequence:
    6: stop(msg, call. = FALSE, domain = NA)
    5: value[[3L]](cond)
    4: tryCatchOne(expr, names, parentenv, handlers[[1L]])
    3: tryCatchList(expr, classes, parentenv, handlers)
    2: tryCatch({
     attr(package, "LibPath") <- which.lib.loc
     ns <- loadNamespace(package, lib.loc)
     env <- attachNamespace(ns, pos = pos, deps, exclude, include.only)
     }, error = function(e) {
     P <- if (!is.null(cc <- conditionCall(e)))
     pas
    Execution halted
Flavor: r-release-osx-x86_64