CRAN Package Check Results for Package taxlist

Last updated on 2022-09-28 15:50:08 CEST.

Flavor Version Tinstall Tcheck Ttotal Status Flags
r-devel-linux-x86_64-debian-clang 0.2.3 11.74 77.89 89.63 OK
r-devel-linux-x86_64-debian-gcc 0.2.3 8.08 57.67 65.75 OK
r-devel-linux-x86_64-fedora-clang 0.2.3 122.13 NOTE
r-devel-linux-x86_64-fedora-gcc 0.2.3 114.04 NOTE
r-devel-windows-x86_64 0.2.3 50.00 111.00 161.00 OK
r-patched-linux-x86_64 0.2.3 18.45 71.15 89.60 OK
r-release-linux-x86_64 0.2.3 8.15 70.44 78.59 OK
r-release-macos-arm64 0.2.3 32.00 NOTE
r-release-macos-x86_64 0.2.3 47.00 NOTE
r-release-windows-x86_64 0.2.3 31.00 117.00 148.00 OK
r-oldrel-macos-arm64 0.2.3 35.00 NOTE
r-oldrel-macos-x86_64 0.2.3 50.00 NOTE
r-oldrel-windows-ix86+x86_64 0.2.3 25.00 101.00 126.00 OK

Check Details

Version: 0.2.3
Check: data for non-ASCII characters
Result: NOTE
     Note: found 137 marked UTF-8 strings
Flavors: r-devel-linux-x86_64-fedora-clang, r-devel-linux-x86_64-fedora-gcc, r-release-macos-arm64, r-release-macos-x86_64, r-oldrel-macos-arm64, r-oldrel-macos-x86_64