CRAN Package Check Results for Package taxonomizr

Last updated on 2020-04-06 11:47:44 CEST.

Flavor Version Tinstall Tcheck Ttotal Status Flags
r-devel-linux-x86_64-debian-clang 0.5.3 3.50 70.87 74.37 NOTE
r-devel-linux-x86_64-debian-gcc 0.5.3 2.80 67.41 70.21 NOTE
r-devel-linux-x86_64-fedora-clang 0.5.3 74.30 NOTE
r-devel-linux-x86_64-fedora-gcc 0.5.3 80.76 NOTE
r-devel-windows-ix86+x86_64 0.5.3 21.00 139.00 160.00 OK
r-devel-windows-ix86+x86_64-gcc8 0.5.3 11.00 143.00 154.00 OK
r-patched-linux-x86_64 0.5.3 3.12 66.95 70.07 NOTE
r-patched-solaris-x86 0.5.3 91.90 NOTE
r-release-linux-x86_64 0.5.3 3.30 62.50 65.80 OK
r-release-windows-ix86+x86_64 0.5.3 10.00 177.00 187.00 OK
r-release-osx-x86_64 0.5.3 OK
r-oldrel-windows-ix86+x86_64 0.5.3 10.00 126.00 136.00 OK
r-oldrel-osx-x86_64 0.5.3 OK

Check Details

Version: 0.5.3
Check: for non-standard things in the check directory
Result: NOTE
    Found the following files/directories:
     'nameNode.sqlite'
Flavors: r-devel-linux-x86_64-debian-clang, r-devel-linux-x86_64-debian-gcc, r-devel-linux-x86_64-fedora-clang, r-devel-linux-x86_64-fedora-gcc, r-patched-linux-x86_64, r-patched-solaris-x86