CRAN Package Check Results for Package taylor

Last updated on 2021-10-26 23:51:21 CEST.

Flavor Version Tinstall Tcheck Ttotal Status Flags
r-devel-linux-x86_64-debian-clang 0.2.1 6.51 61.94 68.45 OK
r-devel-linux-x86_64-debian-gcc 0.2.1 5.01 46.58 51.59 OK
r-devel-linux-x86_64-fedora-clang 0.2.1 89.32 NOTE
r-devel-linux-x86_64-fedora-gcc 0.2.1 75.90 NOTE
r-devel-windows-x86_64 0.2.1 11.00 83.00 94.00 OK
r-devel-windows-x86_64-gcc10-UCRT 0.2.1 NOTE
r-patched-linux-x86_64 0.2.1 6.50 55.55 62.05 OK
r-patched-solaris-x86 0.2.1 97.10 NOTE
r-release-linux-x86_64 0.2.1 4.81 56.21 61.02 OK
r-release-macos-arm64 0.2.1 NOTE
r-release-macos-x86_64 0.2.1 NOTE
r-release-windows-ix86+x86_64 0.2.1 11.00 83.00 94.00 OK
r-oldrel-macos-x86_64 0.2.1 NOTE
r-oldrel-windows-ix86+x86_64 0.2.1 14.00 83.00 97.00 OK

Check Details

Version: 0.2.1
Check: data for non-ASCII characters
Result: NOTE
     Note: found 596 marked UTF-8 strings
Flavors: r-devel-linux-x86_64-fedora-clang, r-devel-linux-x86_64-fedora-gcc, r-devel-windows-x86_64-gcc10-UCRT, r-patched-solaris-x86, r-release-macos-arm64, r-release-macos-x86_64, r-oldrel-macos-x86_64