CRAN Package Check Results for Package tbart

Last updated on 2020-12-05 22:52:59 CET.

Flavor Version Tinstall Tcheck Ttotal Status Flags
r-devel-linux-x86_64-debian-clang 1.0 21.48 42.01 63.49 OK
r-devel-linux-x86_64-debian-gcc 1.0 14.89 34.67 49.56 OK
r-devel-linux-x86_64-fedora-clang 1.0 86.40 NOTE
r-devel-linux-x86_64-fedora-gcc 1.0 72.15 NOTE
r-devel-windows-ix86+x86_64 1.0 53.00 94.00 147.00 OK
r-patched-linux-x86_64 1.0 17.34 40.40 57.74 OK
r-patched-solaris-x86 1.0 89.90 OK
r-release-linux-x86_64 1.0 18.62 41.19 59.81 OK
r-release-macos-x86_64 1.0 OK
r-release-windows-ix86+x86_64 1.0 54.00 83.00 137.00 OK
r-oldrel-macos-x86_64 1.0 OK
r-oldrel-windows-ix86+x86_64 1.0 49.00 80.00 129.00 OK

Check Details

Version: 1.0
Check: compiled code
Result: NOTE
    File ‘tbart/libs/tbart.so’:
     Found no calls to: ‘R_registerRoutines’, ‘R_useDynamicSymbols’
    
    It is good practice to register native routines and to disable symbol
    search.
    
    See ‘Writing portable packages’ in the ‘Writing R Extensions’ manual.
Flavors: r-devel-linux-x86_64-fedora-clang, r-devel-linux-x86_64-fedora-gcc