CRAN Package Check Results for Package tbdiag

Last updated on 2020-04-09 22:50:42 CEST.

Flavor Version Tinstall Tcheck Ttotal Status Flags
r-devel-linux-x86_64-debian-clang 0.1 2.38 19.26 21.64 NOTE
r-devel-linux-x86_64-debian-gcc 0.1 1.66 15.51 17.17 NOTE
r-devel-linux-x86_64-fedora-clang 0.1 27.49 NOTE
r-devel-linux-x86_64-fedora-gcc 0.1 26.33 NOTE
r-devel-windows-ix86+x86_64 0.1 6.00 49.00 55.00 OK
r-devel-windows-ix86+x86_64-gcc8 0.1 5.00 36.00 41.00 OK
r-patched-linux-x86_64 0.1 2.11 18.93 21.04 NOTE
r-patched-osx-x86_64 0.1 NOTE
r-patched-solaris-x86 0.1 40.80 NOTE
r-release-linux-x86_64 0.1 1.78 17.92 19.70 NOTE
r-release-windows-ix86+x86_64 0.1 4.00 47.00 51.00 OK
r-release-osx-x86_64 0.1 NOTE
r-oldrel-windows-ix86+x86_64 0.1 4.00 31.00 35.00 OK
r-oldrel-osx-x86_64 0.1 NOTE

Check Details

Version: 0.1
Check: DESCRIPTION meta-information
Result: NOTE
    License components which are templates and need '+ file LICENSE':
     MIT
Flavors: r-devel-linux-x86_64-debian-clang, r-devel-linux-x86_64-debian-gcc, r-devel-linux-x86_64-fedora-clang, r-devel-linux-x86_64-fedora-gcc, r-patched-linux-x86_64, r-patched-osx-x86_64, r-patched-solaris-x86, r-release-linux-x86_64, r-release-osx-x86_64, r-oldrel-osx-x86_64