CRAN Package Check Results for Package tcgsaseq

Last updated on 2019-05-21 04:49:11 CEST.

Flavor Version Tinstall Tcheck Ttotal Status Flags
r-devel-linux-x86_64-debian-clang 1.8.1 5.68 60.61 66.29 OK
r-devel-linux-x86_64-debian-gcc 1.8.1 4.71 48.40 53.11 OK
r-devel-linux-x86_64-fedora-clang 1.8.1 80.94 OK
r-devel-linux-x86_64-fedora-gcc 1.8.1 76.50 OK
r-devel-windows-ix86+x86_64 1.8.1 19.00 100.00 119.00 OK
r-patched-linux-x86_64 1.8.1 4.92 60.26 65.18 OK
r-patched-solaris-x86 1.8.1 118.80 OK
r-release-linux-x86_64 1.8.1 6.33 59.60 65.93 OK
r-release-windows-ix86+x86_64 1.8.1 20.00 104.00 124.00 OK
r-release-osx-x86_64 1.8.1 NOTE
r-oldrel-windows-ix86+x86_64 1.8.1 10.00 73.00 83.00 OK
r-oldrel-osx-x86_64 1.8.1 OK

Check Details

Version: 1.8.1
Check: package dependencies
Result: NOTE
    Packages suggested but not available for checking:
     'limma', 'edgeR', 'DESeq2', 'S4Vectors'
Flavor: r-release-osx-x86_64

Version: 1.8.1
Check: Rd cross-references
Result: NOTE
    Package unavailable to check Rd xrefs: ‘limma’
Flavor: r-release-osx-x86_64