CRAN Package Check Results for Package tdROC

Last updated on 2021-10-18 22:56:22 CEST.

Flavor Version Tinstall Tcheck Ttotal Status Flags
r-devel-linux-x86_64-debian-clang 1.0 7.52 60.50 68.02 OK
r-devel-linux-x86_64-debian-gcc 1.0 5.98 47.68 53.66 OK
r-devel-linux-x86_64-fedora-clang 1.0 93.10 NOTE
r-devel-linux-x86_64-fedora-gcc 1.0 81.43 OK
r-devel-windows-x86_64 1.0 10.00 68.00 78.00 OK
r-devel-windows-x86_64-gcc10-UCRT 1.0 OK
r-patched-linux-x86_64 1.0 7.02 59.50 66.52 OK
r-patched-solaris-x86 1.0 124.80 OK
r-release-linux-x86_64 1.0 6.66 59.26 65.92 OK
r-release-macos-arm64 1.0 OK
r-release-macos-x86_64 1.0 OK
r-release-windows-ix86+x86_64 1.0 11.00 81.00 92.00 OK
r-oldrel-macos-x86_64 1.0 OK
r-oldrel-windows-ix86+x86_64 1.0 16.00 82.00 98.00 OK

Check Details

Version: 1.0
Check: Rd cross-references
Result: NOTE
    Undeclared package ‘survivalROC’ in Rd xrefs
Flavor: r-devel-linux-x86_64-fedora-clang