CRAN Package Check Results for Package tectonicr

Last updated on 2024-04-20 07:56:27 CEST.

Flavor Version Tinstall Tcheck Ttotal Status Flags
r-devel-linux-x86_64-debian-clang 0.2.95 36.29 545.63 581.92 NOTE
r-devel-linux-x86_64-debian-gcc 0.2.95 33.29 370.43 403.72 NOTE
r-devel-linux-x86_64-fedora-clang 0.2.95 722.29 NOTE
r-devel-linux-x86_64-fedora-gcc 0.2.95 732.06 NOTE
r-prerel-macos-arm64 0.2.95 160.00 OK
r-prerel-windows-x86_64 0.2.95 36.00 354.00 390.00 NOTE
r-patched-linux-x86_64 0.2.95 32.98 507.87 540.85 NOTE
r-release-linux-x86_64 0.2.95 24.52 521.23 545.75 OK
r-release-macos-arm64 0.2.95 190.00 OK
r-release-macos-x86_64 0.2.95 400.00 OK
r-release-windows-x86_64 0.2.95 46.00 485.00 531.00 OK
r-oldrel-macos-arm64 0.2.95 165.00 OK
r-oldrel-windows-x86_64 0.2.95 47.00 451.00 498.00 OK

Check Details

Version: 0.2.95
Check: HTML version of manual
Result: NOTE Found the following HTML validation problems: roll_circstats.html:101:1 (roll_circstats.Rd:53): Warning: trimming empty <dt> Flavors: r-devel-linux-x86_64-debian-clang, r-devel-linux-x86_64-debian-gcc, r-devel-linux-x86_64-fedora-clang, r-devel-linux-x86_64-fedora-gcc, r-prerel-windows-x86_64, r-patched-linux-x86_64

Version: 0.2.95
Check: data for non-ASCII characters
Result: NOTE Note: found 56 marked UTF-8 strings Flavors: r-devel-linux-x86_64-fedora-clang, r-devel-linux-x86_64-fedora-gcc