CRAN Package Check Results for Package tempcyclesdata

Last updated on 2018-06-18 10:49:08 CEST.

Flavor Version Tinstall Tcheck Ttotal Status Flags
r-devel-linux-x86_64-debian-clang 1.0.1 4.48 17.40 21.88 OK
r-devel-linux-x86_64-debian-gcc 1.0.1 4.68 16.72 21.40 OK
r-devel-linux-x86_64-fedora-clang 1.0.1 31.10 NOTE
r-devel-linux-x86_64-fedora-gcc 1.0.1 29.16 OK
r-devel-windows-ix86+x86_64 1.0.1 9.00 46.00 55.00 NOTE
r-patched-linux-x86_64 1.0.1 4.55 19.38 23.93 OK
r-patched-solaris-x86 1.0.1 47.30 NOTE
r-release-linux-x86_64 1.0.1 4.75 19.58 24.33 OK
r-release-windows-ix86+x86_64 1.0.1 9.00 32.00 41.00 NOTE
r-release-osx-x86_64 1.0.1 NOTE
r-oldrel-windows-ix86+x86_64 1.0.1 7.00 46.00 53.00 NOTE
r-oldrel-osx-x86_64 1.0.1 NOTE

Check Details

Version: 1.0.1
Check: installed package size
Result: NOTE
     installed size is 6.0Mb
     sub-directories of 1Mb or more:
     data 5.9Mb
Flavors: r-devel-linux-x86_64-fedora-clang, r-devel-windows-ix86+x86_64, r-patched-solaris-x86, r-release-windows-ix86+x86_64, r-release-osx-x86_64, r-oldrel-windows-ix86+x86_64, r-oldrel-osx-x86_64