CRAN Package Check Results for Package tempcyclesdata

Last updated on 2020-04-02 21:48:01 CEST.

Flavor Version Tinstall Tcheck Ttotal Status Flags
r-devel-linux-x86_64-debian-clang 1.0.1 5.77 21.37 27.14 OK
r-devel-linux-x86_64-debian-gcc 1.0.1 5.18 17.54 22.72 OK
r-devel-linux-x86_64-fedora-clang 1.0.1 38.90 NOTE
r-devel-linux-x86_64-fedora-gcc 1.0.1 33.69 OK
r-devel-windows-ix86+x86_64 1.0.1 10.00 34.00 44.00 NOTE
r-devel-windows-ix86+x86_64-gcc8 1.0.1 11.00 33.00 44.00 NOTE
r-patched-linux-x86_64 1.0.1 5.93 21.28 27.21 OK
r-patched-solaris-x86 1.0.1 54.90 NOTE
r-release-linux-x86_64 1.0.1 4.73 20.04 24.77 OK
r-release-windows-ix86+x86_64 1.0.1 8.00 36.00 44.00 NOTE
r-release-osx-x86_64 1.0.1 NOTE
r-oldrel-windows-ix86+x86_64 1.0.1 9.00 34.00 43.00 NOTE
r-oldrel-osx-x86_64 1.0.1 NOTE

Check Details

Version: 1.0.1
Check: installed package size
Result: NOTE
     installed size is 6.0Mb
     sub-directories of 1Mb or more:
     data 5.9Mb
Flavors: r-devel-linux-x86_64-fedora-clang, r-devel-windows-ix86+x86_64, r-devel-windows-ix86+x86_64-gcc8, r-patched-solaris-x86, r-release-windows-ix86+x86_64, r-release-osx-x86_64, r-oldrel-windows-ix86+x86_64, r-oldrel-osx-x86_64