CRAN Package Check Results for Package tempcyclesdata

Last updated on 2018-12-14 15:51:38 CET.

Flavor Version Tinstall Tcheck Ttotal Status Flags
r-devel-linux-x86_64-debian-clang 1.0.1 4.77 20.75 25.52 OK
r-devel-linux-x86_64-debian-gcc 1.0.1 4.60 16.96 21.56 OK
r-devel-linux-x86_64-fedora-clang 1.0.1 30.33 NOTE
r-devel-linux-x86_64-fedora-gcc 1.0.1 29.74 OK
r-devel-windows-ix86+x86_64 1.0.1 9.00 43.00 52.00 NOTE
r-patched-linux-x86_64 1.0.1 4.49 19.48 23.97 OK
r-patched-solaris-x86 1.0.1 47.60 NOTE
r-release-linux-x86_64 1.0.1 4.78 19.44 24.22 OK
r-release-windows-ix86+x86_64 1.0.1 8.00 41.00 49.00 NOTE
r-release-osx-x86_64 1.0.1 NOTE
r-oldrel-windows-ix86+x86_64 1.0.1 7.00 43.00 50.00 NOTE
r-oldrel-osx-x86_64 1.0.1 NOTE

Check Details

Version: 1.0.1
Check: installed package size
Result: NOTE
     installed size is 6.0Mb
     sub-directories of 1Mb or more:
     data 5.9Mb
Flavors: r-devel-linux-x86_64-fedora-clang, r-devel-windows-ix86+x86_64, r-patched-solaris-x86, r-release-windows-ix86+x86_64, r-release-osx-x86_64, r-oldrel-windows-ix86+x86_64, r-oldrel-osx-x86_64