CRAN Package Check Results for Package tempcyclesdata

Last updated on 2018-09-21 13:56:11 CEST.

Flavor Version Tinstall Tcheck Ttotal Status Flags
r-devel-linux-x86_64-debian-clang 1.0.1 4.59 21.44 26.03 OK
r-devel-linux-x86_64-debian-gcc 1.0.1 4.15 17.88 22.03 OK
r-devel-linux-x86_64-fedora-clang 1.0.1 32.42 NOTE
r-devel-linux-x86_64-fedora-gcc 1.0.1 30.81 OK
r-devel-windows-ix86+x86_64 1.0.1 9.00 31.00 40.00 NOTE
r-patched-linux-x86_64 1.0.1 5.00 19.11 24.11 OK
r-patched-solaris-x86 1.0.1 47.50 NOTE
r-release-linux-x86_64 1.0.1 4.81 19.48 24.29 OK
r-release-windows-ix86+x86_64 1.0.1 10.00 38.00 48.00 NOTE
r-release-osx-x86_64 1.0.1 NOTE
r-oldrel-windows-ix86+x86_64 1.0.1 7.00 46.00 53.00 NOTE
r-oldrel-osx-x86_64 1.0.1 NOTE

Check Details

Version: 1.0.1
Check: installed package size
Result: NOTE
     installed size is 6.0Mb
     sub-directories of 1Mb or more:
     data 5.9Mb
Flavors: r-devel-linux-x86_64-fedora-clang, r-devel-windows-ix86+x86_64, r-patched-solaris-x86, r-release-windows-ix86+x86_64, r-release-osx-x86_64, r-oldrel-windows-ix86+x86_64, r-oldrel-osx-x86_64