CRAN Package Check Results for Package tempdisagg

Last updated on 2019-03-23 11:51:33 CET.

Flavor Version Tinstall Tcheck Ttotal Status Flags
r-devel-linux-x86_64-debian-clang 0.25.0 2.15 22.78 24.93 OK
r-devel-linux-x86_64-debian-gcc 0.25.0 1.81 18.57 20.38 OK
r-devel-linux-x86_64-fedora-clang 0.25.0 30.54 OK
r-devel-linux-x86_64-fedora-gcc 0.25.0 30.59 OK
r-devel-windows-ix86+x86_64 0.25.0 9.00 45.00 54.00 OK
r-patched-linux-x86_64 0.25.0 1.18 21.09 22.27 OK
r-patched-solaris-x86 0.25.0 41.30 OK
r-release-linux-x86_64 0.25.0 0.26 1.81 2.07 ERROR
r-release-windows-ix86+x86_64 0.25.0 4.00 32.00 36.00 OK
r-release-osx-x86_64 0.25.0 OK
r-oldrel-windows-ix86+x86_64 0.25.0 3.00 39.00 42.00 OK
r-oldrel-osx-x86_64 0.25.0 OK

Check Details

Version: 0.25.0
Check: whether package can be installed
Result: ERROR
    Installation failed.
Flavor: r-release-linux-x86_64