CRAN Package Check Results for Package templates

Last updated on 2021-10-17 23:50:54 CEST.

Flavor Version Tinstall Tcheck Ttotal Status Flags
r-devel-linux-x86_64-debian-clang 0.3.0 3.49 41.43 44.92 NOTE
r-devel-linux-x86_64-debian-gcc 0.3.0 2.91 30.94 33.85 NOTE
r-devel-linux-x86_64-fedora-clang 0.3.0 65.04 NOTE
r-devel-linux-x86_64-fedora-gcc 0.3.0 52.16 NOTE
r-devel-windows-x86_64 0.3.0 10.00 48.00 58.00 NOTE
r-devel-windows-x86_64-gcc10-UCRT 0.3.0 NOTE
r-patched-linux-x86_64 0.3.0 3.35 38.65 42.00 NOTE
r-patched-solaris-x86 0.3.0 78.40 NOTE
r-release-linux-x86_64 0.3.0 3.43 38.71 42.14 NOTE
r-release-macos-arm64 0.3.0 NOTE
r-release-macos-x86_64 0.3.0 NOTE
r-release-windows-ix86+x86_64 0.3.0 7.00 58.00 65.00 NOTE
r-oldrel-macos-x86_64 0.3.0 OK
r-oldrel-windows-ix86+x86_64 0.3.0 8.00 57.00 65.00 OK

Check Details

Version: 0.3.0
Check: LazyData
Result: NOTE
     'LazyData' is specified without a 'data' directory
Flavors: r-devel-linux-x86_64-debian-clang, r-devel-linux-x86_64-debian-gcc, r-devel-linux-x86_64-fedora-clang, r-devel-linux-x86_64-fedora-gcc, r-devel-windows-x86_64, r-devel-windows-x86_64-gcc10-UCRT, r-patched-linux-x86_64, r-patched-solaris-x86, r-release-linux-x86_64, r-release-macos-arm64, r-release-macos-x86_64, r-release-windows-ix86+x86_64