CRAN Package Check Results for Package templates

Last updated on 2023-12-03 11:50:53 CET.

Flavor Version Tinstall Tcheck Ttotal Status Flags
r-devel-linux-x86_64-debian-clang 0.3.0 4.27 47.61 51.88 NOTE
r-devel-linux-x86_64-debian-gcc 0.3.0 3.16 34.85 38.01 NOTE
r-devel-linux-x86_64-fedora-clang 0.3.0 65.46 NOTE
r-devel-linux-x86_64-fedora-gcc 0.3.0 70.23 NOTE
r-devel-windows-x86_64 0.3.0 4.00 60.00 64.00 NOTE
r-patched-linux-x86_64 0.3.0 3.74 43.45 47.19 NOTE
r-release-linux-x86_64 0.3.0 3.04 43.50 46.54 NOTE
r-release-macos-arm64 0.3.0 30.00 NOTE
r-release-macos-x86_64 0.3.0 42.00 NOTE
r-release-windows-x86_64 0.3.0 5.00 62.00 67.00 NOTE
r-oldrel-macos-arm64 0.3.0 21.00 NOTE
r-oldrel-macos-x86_64 0.3.0 30.00 NOTE
r-oldrel-windows-x86_64 0.3.0 5.00 65.00 70.00 NOTE

Check Details

Version: 0.3.0
Check: LazyData
Result: NOTE 'LazyData' is specified without a 'data' directory Flavors: r-devel-linux-x86_64-debian-clang, r-devel-linux-x86_64-debian-gcc, r-devel-linux-x86_64-fedora-clang, r-devel-linux-x86_64-fedora-gcc, r-devel-windows-x86_64, r-patched-linux-x86_64, r-release-linux-x86_64, r-release-macos-arm64, r-release-macos-x86_64, r-release-windows-x86_64, r-oldrel-macos-arm64, r-oldrel-macos-x86_64, r-oldrel-windows-x86_64