CRAN Package Check Results for Package tensorflow

Last updated on 2022-11-27 13:53:11 CET.

Flavor Version Tinstall Tcheck Ttotal Status Flags
r-devel-linux-x86_64-debian-clang 2.9.0 11.13 83.30 94.43 OK
r-devel-linux-x86_64-debian-gcc 2.9.0 7.43 64.76 72.19 OK
r-devel-linux-x86_64-fedora-clang 2.9.0 126.96 NOTE
r-devel-linux-x86_64-fedora-gcc 2.9.0 124.62 OK
r-devel-windows-x86_64 2.9.0 62.00 110.00 172.00 OK
r-patched-linux-x86_64 2.9.0 13.03 80.58 93.61 OK
r-release-linux-x86_64 2.9.0 9.42 80.51 89.93 OK
r-release-macos-arm64 2.9.0 40.00 OK
r-release-macos-x86_64 2.9.0 46.00 OK
r-release-windows-x86_64 2.9.0 47.00 113.00 160.00 OK
r-oldrel-macos-arm64 2.9.0 42.00 OK
r-oldrel-macos-x86_64 2.9.0 44.00 OK
r-oldrel-windows-ix86+x86_64 2.9.0 25.00 104.00 129.00 OK

Check Details

Version: 2.9.0
Check: Rd cross-references
Result: NOTE
    Undeclared package ‘tfestimators’ in Rd xrefs
Flavor: r-devel-linux-x86_64-fedora-clang