CRAN Package Check Results for Package tensorflow

Last updated on 2022-01-25 09:48:53 CET.

Flavor Version Tinstall Tcheck Ttotal Status Flags
r-devel-linux-x86_64-debian-clang 2.7.0 8.74 83.04 91.78 OK
r-devel-linux-x86_64-debian-gcc 2.7.0 8.23 64.07 72.30 OK
r-devel-linux-x86_64-fedora-clang 2.7.0 113.80 NOTE
r-devel-linux-x86_64-fedora-gcc 2.7.0 104.96 OK
r-devel-windows-x86_64-new-UL 2.7.0 117.00 100.00 217.00 OK
r-devel-windows-x86_64-new-TK 2.7.0 OK
r-patched-linux-x86_64 2.7.0 13.31 77.71 91.02 OK
r-release-linux-x86_64 2.7.0 9.50 77.38 86.88 OK
r-release-macos-arm64 2.7.0 OK
r-release-macos-x86_64 2.7.0 OK
r-release-windows-ix86+x86_64 2.7.0 19.00 92.00 111.00 OK
r-oldrel-macos-x86_64 2.7.0 OK
r-oldrel-windows-ix86+x86_64 2.7.0 19.00 92.00 111.00 OK

Check Details

Version: 2.7.0
Check: Rd cross-references
Result: NOTE
    Undeclared package ‘tfestimators’ in Rd xrefs
Flavor: r-devel-linux-x86_64-fedora-clang