CRAN Package Check Results for Package tensorsparse

Last updated on 2020-02-23 06:47:29 CET.

Flavor Version Tinstall Tcheck Ttotal Status Flags
r-devel-linux-x86_64-debian-clang 1.0 15.19 105.25 120.44 OK
r-devel-linux-x86_64-debian-gcc 1.0 11.49 80.29 91.78 OK
r-devel-linux-x86_64-fedora-clang 1.0 141.01 WARN
r-devel-linux-x86_64-fedora-gcc 1.0 138.06 OK
r-devel-windows-ix86+x86_64 1.0 29.00 116.00 145.00 OK
r-devel-windows-ix86+x86_64-gcc8 1.0 46.00 117.00 163.00 OK
r-patched-linux-x86_64 1.0 OK
r-patched-solaris-x86 1.0 196.40 OK
r-release-linux-x86_64 1.0 12.65 92.39 105.04 OK
r-release-windows-ix86+x86_64 1.0 22.00 112.00 134.00 OK
r-release-osx-x86_64 1.0 WARN
r-oldrel-windows-ix86+x86_64 1.0 15.00 104.00 119.00 OK
r-oldrel-osx-x86_64 1.0 WARN

Check Details

Version: 1.0
Check: package dependencies
Result: WARN
    Requires orphaned package: ‘clues’
Flavor: r-devel-linux-x86_64-fedora-clang

Version: 1.0
Check: whether package can be installed
Result: WARN
    Found the following significant warnings:
     Warning: 'rgl_init' failed, running with rgl.useNULL = TRUE
Flavors: r-release-osx-x86_64, r-oldrel-osx-x86_64

Version: 1.0
Check: dependencies in R code
Result: NOTE
    No protocol specified
Flavors: r-release-osx-x86_64, r-oldrel-osx-x86_64

Version: 1.0
Check: S3 generic/method consistency
Result: WARN
    No protocol specified
    See section ‘Generic functions and methods’ in the ‘Writing R
    Extensions’ manual.
Flavors: r-release-osx-x86_64, r-oldrel-osx-x86_64

Version: 1.0
Check: replacement functions
Result: WARN
    No protocol specified
    The argument of a replacement function which corresponds to the right
    hand side must be named ‘value’.
Flavors: r-release-osx-x86_64, r-oldrel-osx-x86_64

Version: 1.0
Check: foreign function calls
Result: NOTE
    No protocol specified
    See chapter ‘System and foreign language interfaces’ in the ‘Writing R
    Extensions’ manual.
Flavors: r-release-osx-x86_64, r-oldrel-osx-x86_64

Version: 1.0
Check: R code for possible problems
Result: NOTE
    No protocol specified
Flavors: r-release-osx-x86_64, r-oldrel-osx-x86_64

Version: 1.0
Check: for missing documentation entries
Result: WARN
    No protocol specified
    All user-level objects in a package should have documentation entries.
    See chapter ‘Writing R documentation files’ in the ‘Writing R
    Extensions’ manual.
Flavors: r-release-osx-x86_64, r-oldrel-osx-x86_64

Version: 1.0
Check: for code/documentation mismatches
Result: WARN
    No protocol specified
    No protocol specified
    No protocol specified
Flavors: r-release-osx-x86_64, r-oldrel-osx-x86_64

Version: 1.0
Check: Rd \usage sections
Result: NOTE
    No protocol specified
    The \usage entries for S3 methods should use the \method markup and not
    their full name.
    See chapter ‘Writing R documentation files’ in the ‘Writing R
    Extensions’ manual.
Flavors: r-release-osx-x86_64, r-oldrel-osx-x86_64