Last updated on 2021-04-14 18:51:19 CEST.
Flavor | Version | Tinstall | Tcheck | Ttotal | Status | Flags |
---|---|---|---|---|---|---|
r-devel-linux-x86_64-debian-clang | 1.0.1 | 4.12 | 211.14 | 215.26 | NOTE | |
r-devel-linux-x86_64-debian-gcc | 1.0.1 | 2.98 | 152.01 | 154.99 | NOTE | |
r-devel-linux-x86_64-fedora-clang | 1.0.1 | 254.98 | NOTE | |||
r-devel-linux-x86_64-fedora-gcc | 1.0.1 | 249.89 | NOTE | |||
r-devel-windows-ix86+x86_64 | 1.0.1 | 8.00 | 199.00 | 207.00 | NOTE | |
r-devel-windows-x86_64-gcc10-UCRT | 1.0.1 | NOTE | ||||
r-patched-linux-x86_64 | 1.0.1 | 3.98 | 201.77 | 205.75 | OK | |
r-patched-solaris-x86 | 1.0.1 | 389.60 | OK | |||
r-release-linux-x86_64 | 1.0.1 | 3.95 | 204.66 | 208.61 | OK | |
r-release-macos-x86_64 | 1.0.1 | OK | ||||
r-release-windows-ix86+x86_64 | 1.0.1 | 7.00 | 270.00 | 277.00 | OK | |
r-oldrel-macos-x86_64 | 1.0.1 | OK | ||||
r-oldrel-windows-ix86+x86_64 | 1.0.1 | 6.00 | 187.00 | 193.00 | OK |
Version: 1.0.1
Check: LazyData
Result: NOTE
'LazyData' is specified without a 'data' directory
Flavors: r-devel-linux-x86_64-debian-clang, r-devel-linux-x86_64-debian-gcc, r-devel-linux-x86_64-fedora-clang, r-devel-linux-x86_64-fedora-gcc, r-devel-windows-ix86+x86_64, r-devel-windows-x86_64-gcc10-UCRT