Last updated on 2021-04-23 10:48:41 CEST.
Flavor | Version | Tinstall | Tcheck | Ttotal | Status | Flags |
---|---|---|---|---|---|---|
r-devel-linux-x86_64-debian-clang | 0.3.1 | 5.44 | 65.16 | 70.60 | NOTE | |
r-devel-linux-x86_64-debian-gcc | 0.3.1 | 4.05 | 49.28 | 53.33 | NOTE | |
r-devel-linux-x86_64-fedora-clang | 0.3.1 | 90.63 | NOTE | |||
r-devel-linux-x86_64-fedora-gcc | 0.3.1 | 83.81 | NOTE | |||
r-devel-windows-ix86+x86_64 | 0.3.1 | 13.00 | 81.00 | 94.00 | NOTE | |
r-devel-windows-x86_64-gcc10-UCRT | 0.3.1 | NOTE | ||||
r-patched-linux-x86_64 | 0.3.1 | 5.23 | 61.83 | 67.06 | NOTE | |
r-patched-solaris-x86 | 0.3.1 | 126.40 | NOTE | |||
r-release-linux-x86_64 | 0.3.1 | 4.63 | 61.78 | 66.41 | OK | |
r-release-macos-x86_64 | 0.3.1 | NOTE | ||||
r-release-windows-ix86+x86_64 | 0.3.1 | 13.00 | 64.00 | 77.00 | OK | |
r-oldrel-macos-x86_64 | 0.3.1 | NOTE | ||||
r-oldrel-windows-ix86+x86_64 | 0.3.1 | 21.00 | 74.00 | 95.00 | OK |
Version: 0.3.1
Check: LazyData
Result: NOTE
'LazyData' is specified without a 'data' directory
Flavors: r-devel-linux-x86_64-debian-clang, r-devel-linux-x86_64-debian-gcc, r-devel-linux-x86_64-fedora-clang, r-devel-linux-x86_64-fedora-gcc, r-devel-windows-ix86+x86_64, r-devel-windows-x86_64-gcc10-UCRT, r-patched-linux-x86_64
Version: 0.3.1
Check: dependencies in R code
Result: NOTE
Namespace in Imports field not imported from: ‘grDevices’
All declared Imports should be used.
Flavors: r-devel-linux-x86_64-fedora-clang, r-devel-linux-x86_64-fedora-gcc, r-devel-windows-x86_64-gcc10-UCRT, r-patched-solaris-x86, r-release-macos-x86_64, r-oldrel-macos-x86_64