Last updated on 2023-03-31 03:52:45 CEST.
Flavor | Version | Tinstall | Tcheck | Ttotal | Status | Flags |
---|---|---|---|---|---|---|
r-devel-linux-x86_64-debian-clang | 2.1.2 | 37.50 | 119.89 | 157.39 | OK | |
r-devel-linux-x86_64-debian-gcc | 2.1.2 | 31.30 | 90.67 | 121.97 | OK | |
r-devel-linux-x86_64-fedora-clang | 2.1.2 | 193.56 | OK | |||
r-devel-linux-x86_64-fedora-gcc | 2.1.2 | 186.74 | OK | |||
r-patched-linux-x86_64 | 2.1.2 | 33.26 | 114.14 | 147.40 | OK | |
r-release-linux-x86_64 | 2.1.2 | 28.48 | 113.82 | 142.30 | OK | |
r-release-macos-arm64 | 2.1.2 | 44.00 | OK | |||
r-release-macos-x86_64 | 2.1.2 | 75.00 | OK | |||
r-release-windows-x86_64 | 2.1.2 | 72.00 | 153.00 | 225.00 | OK | |
r-oldrel-macos-arm64 | 2.1.2 | 53.00 | OK | |||
r-oldrel-macos-x86_64 | 2.1.2 | 76.00 | OK | |||
r-oldrel-windows-ix86+x86_64 | 2.1.2 | 89.00 | 196.00 | 285.00 | NOTE |
Version: 2.1.2
Check: R code for possible problems
Result: NOTE
Initiating curl with CURL_SSL_BACKEND: openssl
Flavor: r-oldrel-windows-ix86+x86_64