CRAN Package Check Results for Package tesselle

Last updated on 2022-07-05 14:51:21 CEST.

Flavor Version Tinstall Tcheck Ttotal Status Flags
r-devel-linux-x86_64-debian-clang 1.0.0 12.02 105.79 117.81 OK
r-devel-linux-x86_64-debian-gcc 1.0.0 10.20 79.82 90.02 OK
r-devel-linux-x86_64-fedora-clang 1.0.0 152.77 NOTE
r-devel-linux-x86_64-fedora-gcc 1.0.0 149.31 NOTE
r-devel-windows-x86_64 1.0.0 17.00 111.00 128.00 OK
r-patched-linux-x86_64 1.0.0 12.76 100.24 113.00 OK
r-release-linux-x86_64 1.0.0 9.85 100.87 110.72 OK
r-release-macos-arm64 1.0.0 25.00 NOTE
r-release-macos-x86_64 1.0.0 36.00 NOTE
r-release-windows-x86_64 1.0.0 18.00 112.00 130.00 OK
r-oldrel-macos-arm64 1.0.0 26.00 NOTE
r-oldrel-macos-x86_64 1.0.0 35.00 NOTE
r-oldrel-windows-ix86+x86_64 1.0.0 34.00 116.00 150.00 OK

Check Details

Version: 1.0.0
Check: dependencies in R code
Result: NOTE
    Namespaces in Imports field not imported from:
     ‘arkhe’ ‘dimensio’ ‘folio’ ‘kairos’ ‘khroma’ ‘tabula’
     All declared Imports should be used.
Flavors: r-devel-linux-x86_64-fedora-clang, r-devel-linux-x86_64-fedora-gcc, r-release-macos-arm64, r-release-macos-x86_64, r-oldrel-macos-arm64, r-oldrel-macos-x86_64