CRAN Package Check Results for Package tesseract

Last updated on 2022-12-09 19:52:00 CET.

Flavor Version Tinstall Tcheck Ttotal Status Flags
r-devel-linux-x86_64-debian-clang 5.1.0 24.14 105.24 129.38 OK
r-devel-linux-x86_64-debian-gcc 5.1.0 19.12 211.39 230.51 OK
r-devel-linux-x86_64-fedora-gcc 5.1.0 160.44 OK
r-devel-windows-x86_64 5.1.0 51.00 145.00 196.00 NOTE
r-patched-linux-x86_64 5.1.0 18.97 132.93 151.90 OK
r-release-linux-x86_64 5.1.0 20.69 106.28 126.97 OK
r-release-macos-arm64 5.1.0 47.00 NOTE
r-release-macos-x86_64 5.1.0 59.00 NOTE
r-release-windows-x86_64 5.1.0 47.00 144.00 191.00 NOTE
r-oldrel-macos-arm64 5.1.0 39.00 NOTE
r-oldrel-macos-x86_64 5.1.0 56.00 NOTE
r-oldrel-windows-ix86+x86_64 5.1.0 83.00 151.00 234.00 NOTE

Check Details

Version: 5.1.0
Check: installed package size
Result: NOTE
     installed size is 22.1Mb
     sub-directories of 1Mb or more:
     doc 1.0Mb
     libs 6.9Mb
     tessdata 14.0Mb
Flavors: r-devel-windows-x86_64, r-release-macos-arm64, r-release-macos-x86_64, r-release-windows-x86_64, r-oldrel-macos-arm64, r-oldrel-macos-x86_64, r-oldrel-windows-ix86+x86_64