CRAN Package Check Results for Package testextra

Last updated on 2019-03-22 11:53:20 CET.

Flavor Version Tinstall Tcheck Ttotal Status Flags
r-devel-linux-x86_64-debian-clang 0.1.0 2.72 29.16 31.88 OK
r-devel-linux-x86_64-debian-gcc 0.1.0 2.07 22.93 25.00 OK
r-devel-linux-x86_64-fedora-clang 0.1.0 39.77 NOTE
r-devel-linux-x86_64-fedora-gcc 0.1.0 35.85 NOTE
r-devel-windows-ix86+x86_64 0.1.0 11.00 61.00 72.00 OK
r-patched-linux-x86_64 0.1.0 1.24 27.23 28.47 OK
r-patched-solaris-x86 0.1.0 55.40 NOTE
r-release-linux-x86_64 0.1.0 1.90 27.10 29.00 OK
r-release-windows-ix86+x86_64 0.1.0 6.00 38.00 44.00 OK
r-release-osx-x86_64 0.1.0 NOTE
r-oldrel-windows-ix86+x86_64 0.1.0 1.00 6.00 7.00 ERROR
r-oldrel-osx-x86_64 0.1.0 ERROR

Check Details

Version: 0.1.0
Check: dependencies in R code
Result: NOTE
    Namespaces in Imports field not imported from:
     ‘stringi’ ‘utils’
     All declared Imports should be used.
Flavors: r-devel-linux-x86_64-fedora-clang, r-devel-linux-x86_64-fedora-gcc, r-patched-solaris-x86, r-release-osx-x86_64

Version: 0.1.0
Check: package dependencies
Result: ERROR
    Package required but not available: 'pkgcond'
    
    See section 'The DESCRIPTION file' in the 'Writing R Extensions'
    manual.
Flavors: r-oldrel-windows-ix86+x86_64, r-oldrel-osx-x86_64