CRAN Package Check Results for Package testextra

Last updated on 2019-05-20 12:48:45 CEST.

Flavor Version Tinstall Tcheck Ttotal Status Flags
r-devel-linux-x86_64-debian-clang 0.1.0 2.22 28.09 30.31 OK
r-devel-linux-x86_64-debian-gcc 0.1.0 2.03 23.32 25.35 OK
r-devel-linux-x86_64-fedora-clang 0.1.0 38.06 NOTE
r-devel-linux-x86_64-fedora-gcc 0.1.0 36.44 NOTE
r-devel-windows-ix86+x86_64 0.1.0 7.00 61.00 68.00 OK
r-patched-linux-x86_64 0.1.0 2.75 28.49 31.24 OK
r-patched-solaris-x86 0.1.0 60.50 NOTE
r-release-linux-x86_64 0.1.0 2.50 28.85 31.35 OK
r-release-windows-ix86+x86_64 0.1.0 9.00 56.00 65.00 OK
r-release-osx-x86_64 0.1.0 ERROR
r-oldrel-windows-ix86+x86_64 0.1.0 4.00 41.00 45.00 OK
r-oldrel-osx-x86_64 0.1.0 NOTE

Check Details

Version: 0.1.0
Check: dependencies in R code
Result: NOTE
    Namespaces in Imports field not imported from:
     ‘stringi’ ‘utils’
     All declared Imports should be used.
Flavors: r-devel-linux-x86_64-fedora-clang, r-devel-linux-x86_64-fedora-gcc, r-patched-solaris-x86, r-release-osx-x86_64, r-oldrel-osx-x86_64

Version: 0.1.0
Check: tests
Result: ERROR
     Running ‘testthat.R’ [3s/6s]
    Running the tests in ‘tests/testthat.R’ failed.
    Last 13 lines of output:
     ── 2. Failure: .extract_tests_to_file Basic (@extract_tests.R#181) ────────────
     `... <- NULL` produced unexpected messages.
     Expected match: \\+ file `/var/folders/xn/m8dzdsgs7sg8q7jgflnqm8w80000gn/T//RtmpGQNkEm/test-133d3352ca8aa.R` is newer\\. SKIPPING\\.
     Actual values:
     * * Extracting tests from file `/var/folders/xn/m8dzdsgs7sg8q7jgflnqm8w80000gn/T//RtmpGQNkEm/src-133d349ec3f40.R`.
    
     * + Writting extracted tests to `/var/folders/xn/m8dzdsgs7sg8q7jgflnqm8w80000gn/T//RtmpGQNkEm/test-133d3352ca8aa.R`.
    
     ══ testthat results ═══════════════════════════════════════════════════════════
     OK: 143 SKIPPED: 0 FAILED: 2
     1. Failure: .extract_tests_to_file Basic (@extract_tests.R#180)
     2. Failure: .extract_tests_to_file Basic (@extract_tests.R#181)
    
     Error: testthat unit tests failed
     Execution halted
Flavor: r-release-osx-x86_64