CRAN Package Check Results for Package testforDEP

Last updated on 2022-08-15 02:53:56 CEST.

Flavor Version Tinstall Tcheck Ttotal Status Flags
r-devel-linux-x86_64-debian-clang 0.2.0 62.42 126.84 189.26 OK
r-devel-linux-x86_64-debian-gcc 0.2.0 47.58 91.50 139.08 OK
r-devel-linux-x86_64-fedora-clang 0.2.0 252.42 NOTE
r-devel-linux-x86_64-fedora-gcc 0.2.0 233.85 NOTE
r-devel-windows-x86_64 0.2.0 62.00 158.00 220.00 OK
r-patched-linux-x86_64 0.2.0 54.76 116.04 170.80 OK
r-release-linux-x86_64 0.2.0 45.12 117.24 162.36 OK
r-release-macos-arm64 0.2.0 64.00 OK
r-release-macos-x86_64 0.2.0 103.00 OK
r-release-windows-x86_64 0.2.0 62.00 154.00 216.00 OK
r-oldrel-macos-arm64 0.2.0 65.00 OK
r-oldrel-macos-x86_64 0.2.0 106.00 OK
r-oldrel-windows-ix86+x86_64 0.2.0 149.00 196.00 345.00 OK

Check Details

Version: 0.2.0
Check: compiled code
Result: NOTE
    File ‘testforDEP/libs/testforDEP.so’:
     Found no calls to: ‘R_registerRoutines’, ‘R_useDynamicSymbols’
    
    It is good practice to register native routines and to disable symbol
    search.
    
    See ‘Writing portable packages’ in the ‘Writing R Extensions’ manual.
Flavors: r-devel-linux-x86_64-fedora-clang, r-devel-linux-x86_64-fedora-gcc