CRAN Package Check Results for Package testthat

Last updated on 2020-10-25 11:50:45 CET.

Flavor Version Tinstall Tcheck Ttotal Status Flags
r-devel-linux-x86_64-debian-clang 2.3.2 40.41 95.62 136.03 OK
r-devel-linux-x86_64-debian-gcc 2.3.2 37.85 73.28 111.13 OK
r-devel-linux-x86_64-fedora-clang 2.3.2 184.51 NOTE
r-devel-linux-x86_64-fedora-gcc 2.3.2 229.76 OK
r-devel-windows-ix86+x86_64 2.3.2 78.00 111.00 189.00 OK
r-patched-linux-x86_64 2.3.2 43.06 98.07 141.13 OK
r-patched-solaris-x86 2.3.2 115.90 OK
r-release-linux-x86_64 2.3.2 44.15 98.15 142.30 OK
r-release-macos-x86_64 2.3.2 NOTE
r-release-windows-ix86+x86_64 2.3.2 62.00 92.00 154.00 OK
r-oldrel-macos-x86_64 2.3.2 NOTE
r-oldrel-windows-ix86+x86_64 2.3.2 82.00 111.00 193.00 OK

Check Details

Version: 2.3.2
Check: installed package size
Result: NOTE
     installed size is 6.7Mb
     sub-directories of 1Mb or more:
     libs 5.2Mb
Flavors: r-devel-linux-x86_64-fedora-clang, r-release-macos-x86_64, r-oldrel-macos-x86_64