CRAN Package Check Results for Package testthat

Last updated on 2021-09-19 21:49:32 CEST.

Flavor Version Tinstall Tcheck Ttotal Status Flags
r-devel-linux-x86_64-debian-clang 3.0.4 50.94 156.58 207.52 OK
r-devel-linux-x86_64-debian-gcc 3.0.4 39.72 116.88 156.60 OK
r-devel-linux-x86_64-fedora-clang 3.0.4 264.68 NOTE
r-devel-linux-x86_64-fedora-gcc 3.0.4 288.81 OK
r-devel-windows-x86_64 3.0.4 50.00 112.00 162.00 OK
r-devel-windows-x86_64-gcc10-UCRT 3.0.4 ERROR
r-patched-linux-x86_64 3.0.4 46.95 146.81 193.76 OK
r-patched-solaris-x86 3.0.4 219.40 OK
r-release-linux-x86_64 3.0.4 43.36 146.24 189.60 OK
r-release-macos-arm64 3.0.4 NOTE
r-release-macos-x86_64 3.0.4 NOTE
r-release-windows-ix86+x86_64 3.0.4 92.00 133.00 225.00 OK
r-oldrel-macos-x86_64 3.0.4 NOTE
r-oldrel-windows-ix86+x86_64 3.0.4 90.00 132.00 222.00 OK

Check Details

Version: 3.0.4
Check: installed package size
Result: NOTE
     installed size is 6.5Mb
     sub-directories of 1Mb or more:
     libs 4.2Mb
Flavors: r-devel-linux-x86_64-fedora-clang, r-release-macos-arm64, r-release-macos-x86_64, r-oldrel-macos-x86_64

Version: 3.0.4
Check: whether package can be installed
Result: ERROR
    Installation failed.
Flavor: r-devel-windows-x86_64-gcc10-UCRT

Version: 3.0.4
Check: package dependencies
Result: NOTE
    Package suggested but not available for checking: ‘usethis’
Flavor: r-release-macos-arm64