CRAN Package Check Results for Package testthat

Last updated on 2020-06-05 21:49:02 CEST.

Flavor Version Tinstall Tcheck Ttotal Status Flags
r-devel-linux-x86_64-debian-clang 2.3.2 39.88 92.24 132.12 OK
r-devel-linux-x86_64-debian-gcc 2.3.2 36.22 72.04 108.26 OK
r-devel-linux-x86_64-fedora-clang 2.3.2 178.01 NOTE
r-devel-linux-x86_64-fedora-gcc 2.3.2 229.10 OK
r-devel-windows-ix86+x86_64 2.3.2 93.00 140.00 233.00 OK
r-patched-linux-x86_64 2.3.2 41.20 96.14 137.34 OK
r-patched-solaris-x86 2.3.2 114.50 OK
r-release-linux-x86_64 2.3.2 39.97 95.96 135.93 OK
r-release-osx-x86_64 2.3.2 NOTE
r-release-windows-ix86+x86_64 2.3.2 82.00 149.00 231.00 OK
r-oldrel-osx-x86_64 2.3.2 NOTE
r-oldrel-windows-ix86+x86_64 2.3.2 94.00 108.00 202.00 OK

Check Details

Version: 2.3.2
Check: installed package size
Result: NOTE
     installed size is 6.9Mb
     sub-directories of 1Mb or more:
     libs 5.4Mb
Flavors: r-devel-linux-x86_64-fedora-clang, r-release-osx-x86_64, r-oldrel-osx-x86_64