CRAN Package Check Results for Package testthat

Last updated on 2017-11-20 09:49:23.

Flavor Version Tinstall Tcheck Ttotal Status Flags
r-devel-linux-x86_64-debian-clang 1.0.2 12.75 38.71 51.46 NOTE
r-devel-linux-x86_64-debian-gcc 1.0.2 16.43 82.13 98.56 NOTE
r-devel-linux-x86_64-fedora-clang 1.0.2 100.00 NOTE
r-devel-linux-x86_64-fedora-gcc 1.0.2 103.61 NOTE
r-devel-windows-ix86+x86_64 1.0.2 59.00 73.00 132.00 OK
r-patched-linux-x86_64 1.0.2 13.47 40.87 54.34 NOTE
r-patched-solaris-x86 1.0.2 57.30 OK
r-release-linux-x86_64 1.0.2 13.58 39.55 53.14 NOTE
r-release-windows-ix86+x86_64 1.0.2 43.00 102.00 145.00 OK
r-release-osx-x86_64 1.0.2 NOTE
r-oldrel-windows-ix86+x86_64 1.0.2 41.00 94.00 135.00 OK
r-oldrel-osx-x86_64 1.0.2 OK

Additional issues

clang-UBSAN gcc-UBSAN

Check Details

Version: 1.0.2
Check: compiled code
Result: NOTE
    File ‘testthat/libs/testthat.so’:
     Found no calls to: ‘R_registerRoutines’, ‘R_useDynamicSymbols’
    
    It is good practice to register native routines and to disable symbol
    search.
    
    See ‘Writing portable packages’ in the ‘Writing R Extensions’ manual.
Flavors: r-devel-linux-x86_64-debian-clang, r-devel-linux-x86_64-debian-gcc, r-devel-linux-x86_64-fedora-clang, r-devel-linux-x86_64-fedora-gcc, r-patched-linux-x86_64, r-release-linux-x86_64

Version: 1.0.2
Check: package dependencies
Result: NOTE
    Package suggested but not available for checking: ‘devtools’
Flavor: r-release-osx-x86_64

Version: 1.0.2
Check: installed package size
Result: NOTE
     installed size is 5.0Mb
     sub-directories of 1Mb or more:
     libs 4.4Mb
Flavor: r-release-osx-x86_64