CRAN Package Check Results for Package testthat

Last updated on 2019-03-23 11:51:33 CET.

Flavor Version Tinstall Tcheck Ttotal Status Flags
r-devel-linux-x86_64-debian-clang 2.0.1 33.60 117.82 151.42 ERROR
r-devel-linux-x86_64-debian-gcc 2.0.1 30.85 93.26 124.11 OK
r-devel-linux-x86_64-fedora-clang 2.0.1 196.53 NOTE
r-devel-linux-x86_64-fedora-gcc 2.0.1 181.47 OK
r-devel-windows-ix86+x86_64 2.0.1 79.00 122.00 201.00 OK
r-patched-linux-x86_64 2.0.1 34.85 113.22 148.07 OK
r-patched-solaris-x86 2.0.1 95.70 OK
r-release-linux-x86_64 2.0.1 0.53 3.72 4.25 ERROR
r-release-windows-ix86+x86_64 2.0.1 61.00 88.00 149.00 OK
r-release-osx-x86_64 2.0.1 NOTE
r-oldrel-windows-ix86+x86_64 2.0.1 61.00 132.00 193.00 OK
r-oldrel-osx-x86_64 2.0.1 NOTE

Check Details

Version: 2.0.1
Check: tests
Result: ERROR
     Running 'test-catch.R' [42s/50s]
     Running 'testthat.R' [31s/34s]
    Running the tests in 'tests/testthat.R' failed.
    Complete output:
     > library(testthat)
     > options(testthat.use_colours = FALSE)
     > test_check("testthat")
     -- 1. Failure: generates informative failures (@test-expect-error.R#44) -------
     `with_reporter(test_that("", expr), reporter = FailureReporter$new())` has changed from known value recorded in 'test-expect-error.txt'.
     5/25 mismatches
     x[1]: "-- 1. Failure: (@test-expect-error.R#45) ------------------------------
     x[1]: -------"
     y[1]: "<U+2500><U+2500> 1. Failure: (@test-expect-error.R#45) <U+2500><U+2500>
     y[1]: <U+2500><U+2500><U+2500><U+2500><U+2500><U+2500><U+2500><U+2500><U+2500><U
     y[1]: +2500><U+2500><U+2500><U+2500><U+2500><U+2500><U+2500><U+2500><U+2500><U+2
     y[1]: 500><U+2500><U+2500><U+2500><U+2500><U+2500><U+2500><U+2500><U+2500><U+250
     y[1]: 0><U+2500><U+2500><U+2500><U+2500><U+2500><U+2500><U+2500>"
    
     x[4]: "-- 2. Failure: (@test-expect-error.R#46) ------------------------------
     x[4]: -------"
     y[4]: "<U+2500><U+2500> 2. Failure: (@test-expect-error.R#46) <U+2500><U+2500>
     y[4]: <U+2500><U+2500><U+2500><U+2500><U+2500><U+2500><U+2500><U+2500><U+2500><U
     y[4]: +2500><U+2500><U+2500><U+2500><U+2500><U+2500><U+2500><U+2500><U+2500><U+2
     y[4]: 500><U+2500><U+2500><U+2500><U+2500><U+2500><U+2500><U+2500><U+2500><U+250
     y[4]: 0><U+2500><U+2500><U+2500><U+2500><U+2500><U+2500><U+2500>"
    
     x[9]: "-- 3. Failure: (@test-expect-error.R#48) ------------------------------
     x[9]: -------"
     y[9]: "<U+2500><U+2500> 3. Failure: (@test-expect-error.R#48) <U+2500><U+2500>
     y[9]: <U+2500><U+2500><U+2500><U+2500><U+2500><U+2500><U+2500><U+2500><U+2500><U
     y[9]: +2500><U+2500><U+2500><U+2500><U+2500><U+2500><U+2500><U+2500><U+2500><U+2
     y[9]: 500><U+2500><U+2500><U+2500><U+2500><U+2500><U+2500><U+2500><U+2500><U+250
     y[9]: 0><U+2500><U+2500><U+2500><U+2500><U+2500><U+2500><U+2500>"
    
     x[14]: "-- 4. Failure: (@test-expect-error.R#49) ------------------------------
     x[14]: -------"
     y[14]: "<U+2500><U+2500> 4. Failure: (@test-expect-error.R#49) <U+2500><U+2500>
     y[14]: <U+2500><U+2500><U+2500><U+2500><U+2500><U+2500><U+2500><U+2500><U+2500><U
     y[14]: +2500><U+2500><U+2500><U+2500><U+2500><U+2500><U+2500><U+2500><U+2500><U+2
     y[14]: 500><U+2500><U+2500><U+2500><U+2500><U+2500><U+2500><U+2500><U+2500><U+250
     y[14]: 0><U+2500><U+2500><U+2500><U+2500><U+2500><U+2500><U+2500>"
    
     x[19]: "-- 5. Failure: (@test-expect-error.R#50) ------------------------------
     x[19]: -------"
     y[19]: "<U+2500><U+2500> 5. Failure: (@test-expect-error.R#50) <U+2500><U+2500>
     y[19]: <U+2500><U+2500><U+2500><U+2500><U+2500><U+2500><U+2500><U+2500><U+2500><U
     y[19]: +2500><U+2500><U+2500><U+2500><U+2500><U+2500><U+2500><U+2500><U+2500><U+2
     y[19]: 500><U+2500><U+2500><U+2500><U+2500><U+2500><U+2500><U+2500><U+2500><U+250
     y[19]: 0><U+2500><U+2500><U+2500><U+2500><U+2500><U+2500><U+2500>"
    
     -- 2. Failure: Unicode characters in output (@test-expect-output.R#36) --------
     Expectation did not succeed:
     `cat\(bar\)` does not match "<U+2551>".
     Actual value: "<U\+2551>"
    
     -- 3. Failure: generates informative failures (@test-expect-warning.R#35) -----
     `with_reporter(test_that("", expr), reporter = FailureReporter$new())` has changed from known value recorded in 'test-expect-warning.txt'.
     4/22 mismatches
     x[1]: "-- 1. Failure: (@test-expect-warning.R#41) ----------------------------
     x[1]: -------"
     y[1]: "<U+2500><U+2500> 1. Failure: (@test-expect-warning.R#41) <U+2500><U+250
     y[1]: 0><U+2500><U+2500><U+2500><U+2500><U+2500><U+2500><U+2500><U+2500><U+2500>
     y[1]: <U+2500><U+2500><U+2500><U+2500><U+2500><U+2500><U+2500><U+2500><U+2500><U
     y[1]: +2500><U+2500><U+2500><U+2500><U+2500><U+2500><U+2500><U+2500><U+2500><U+2
     y[1]: 500><U+2500><U+2500><U+2500><U+2500><U+2500>"
    
     x[4]: "-- 2. Failure: (@test-expect-warning.R#42) ----------------------------
     x[4]: -------"
     y[4]: "<U+2500><U+2500> 2. Failure: (@test-expect-warning.R#42) <U+2500><U+250
     y[4]: 0><U+2500><U+2500><U+2500><U+2500><U+2500><U+2500><U+2500><U+2500><U+2500>
     y[4]: <U+2500><U+2500><U+2500><U+2500><U+2500><U+2500><U+2500><U+2500><U+2500><U
     y[4]: +2500><U+2500><U+2500><U+2500><U+2500><U+2500><U+2500><U+2500><U+2500><U+2
     y[4]: 500><U+2500><U+2500><U+2500><U+2500><U+2500>"
    
     x[9]: "-- 3. Failure: (@test-expect-warning.R#43) ----------------------------
     x[9]: -------"
     y[9]: "<U+2500><U+2500> 3. Failure: (@test-expect-warning.R#43) <U+2500><U+250
     y[9]: 0><U+2500><U+2500><U+2500><U+2500><U+2500><U+2500><U+2500><U+2500><U+2500>
     y[9]: <U+2500><U+2500><U+2500><U+2500><U+2500><U+2500><U+2500><U+2500><U+2500><U
     y[9]: +2500><U+2500><U+2500><U+2500><U+2500><U+2500><U+2500><U+2500><U+2500><U+2
     y[9]: 500><U+2500><U+2500><U+2500><U+2500><U+2500>"
    
     x[16]: "-- 4. Failure: (@test-expect-warning.R#44) ----------------------------
     x[16]: -------"
     y[16]: "<U+2500><U+2500> 4. Failure: (@test-expect-warning.R#44) <U+2500><U+250
     y[16]: 0><U+2500><U+2500><U+2500><U+2500><U+2500><U+2500><U+2500><U+2500><U+2500>
     y[16]: <U+2500><U+2500><U+2500><U+2500><U+2500><U+2500><U+2500><U+2500><U+2500><U
     y[16]: +2500><U+2500><U+2500><U+2500><U+2500><U+2500><U+2500><U+2500><U+2500><U+2
     y[16]: 500><U+2500><U+2500><U+2500><U+2500><U+2500>"
    
     == testthat results ===========================================================
     OK: 452 SKIPPED: 1 FAILED: 3
     1. Failure: generates informative failures (@test-expect-error.R#44)
     2. Failure: Unicode characters in output (@test-expect-output.R#36)
     3. Failure: generates informative failures (@test-expect-warning.R#35)
    
     Error: testthat unit tests failed
     Execution halted
Flavor: r-devel-linux-x86_64-debian-clang

Version: 2.0.1
Check: installed package size
Result: NOTE
     installed size is 6.1Mb
     sub-directories of 1Mb or more:
     libs 4.7Mb
Flavors: r-devel-linux-x86_64-fedora-clang, r-release-osx-x86_64, r-oldrel-osx-x86_64

Version: 2.0.1
Check: whether package can be installed
Result: ERROR
    Installation failed.
Flavor: r-release-linux-x86_64