CRAN Package Check Results for Package testthat

Last updated on 2020-08-12 14:50:37 CEST.

Flavor Version Tinstall Tcheck Ttotal Status Flags
r-devel-linux-x86_64-debian-clang 2.3.2 39.48 113.31 152.79 OK
r-devel-linux-x86_64-debian-gcc 2.3.2 38.84 73.25 112.09 OK
r-devel-linux-x86_64-fedora-clang 2.3.2 176.46 NOTE
r-devel-linux-x86_64-fedora-gcc 2.3.2 223.78 OK
r-devel-windows-ix86+x86_64 2.3.2 78.00 147.00 225.00 OK
r-patched-linux-x86_64 2.3.2 40.48 95.67 136.15 OK
r-patched-solaris-x86 2.3.2 116.40 OK
r-release-linux-x86_64 2.3.2 40.30 96.44 136.74 OK
r-release-macos-x86_64 2.3.2 NOTE
r-release-windows-ix86+x86_64 2.3.2 93.00 131.00 224.00 OK
r-oldrel-macos-x86_64 2.3.2 NOTE
r-oldrel-windows-ix86+x86_64 2.3.2 62.00 110.00 172.00 OK

Check Details

Version: 2.3.2
Check: installed package size
Result: NOTE
     installed size is 6.9Mb
     sub-directories of 1Mb or more:
     libs 5.4Mb
Flavors: r-devel-linux-x86_64-fedora-clang, r-release-macos-x86_64, r-oldrel-macos-x86_64