Last updated on 2021-04-10 20:49:26 CEST.
Flavor | Version | Tinstall | Tcheck | Ttotal | Status | Flags |
---|---|---|---|---|---|---|
r-devel-linux-x86_64-debian-clang | 3.0.2 | 47.30 | 157.53 | 204.83 | OK | |
r-devel-linux-x86_64-debian-gcc | 3.0.2 | 37.13 | 116.57 | 153.70 | OK | |
r-devel-linux-x86_64-fedora-clang | 3.0.2 | 272.67 | NOTE | |||
r-devel-linux-x86_64-fedora-gcc | 3.0.2 | 319.73 | OK | |||
r-devel-windows-ix86+x86_64 | 3.0.2 | 74.00 | 133.00 | 207.00 | OK | |
r-devel-windows-x86_64-gcc10-UCRT | 3.0.2 | OK | ||||
r-patched-linux-x86_64 | 3.0.2 | 46.08 | 151.92 | 198.00 | OK | |
r-patched-solaris-x86 | 3.0.2 | 241.10 | OK | |||
r-release-linux-x86_64 | 3.0.2 | 51.31 | 152.02 | 203.33 | OK | |
r-release-macos-x86_64 | 3.0.2 | NOTE | ||||
r-release-windows-ix86+x86_64 | 3.0.2 | 93.00 | 183.00 | 276.00 | OK | |
r-oldrel-macos-x86_64 | 3.0.2 | NOTE | ||||
r-oldrel-windows-ix86+x86_64 | 3.0.2 | 91.00 | 125.00 | 216.00 | OK |
Version: 3.0.2
Check: installed package size
Result: NOTE
installed size is 7.7Mb
sub-directories of 1Mb or more:
libs 5.4Mb
Flavors: r-devel-linux-x86_64-fedora-clang, r-release-macos-x86_64, r-oldrel-macos-x86_64